Last updated on 2021-01-19 05:48:18 CET.
Flavor | Version | Tinstall | Tcheck | Ttotal | Status | Flags |
---|---|---|---|---|---|---|
r-devel-linux-x86_64-debian-clang | 0.2.1 | 228.79 | 33.94 | 262.73 | OK | |
r-devel-linux-x86_64-debian-gcc | 0.2.1 | 137.29 | 27.00 | 164.29 | OK | |
r-devel-linux-x86_64-fedora-clang | 0.2.1 | 419.59 | NOTE | |||
r-devel-linux-x86_64-fedora-gcc | 0.2.1 | 306.44 | OK | |||
r-devel-windows-ix86+x86_64 | 0.2.1 | 354.00 | 76.00 | 430.00 | OK | |
r-patched-linux-x86_64 | 0.2.1 | 160.67 | 32.85 | 193.52 | OK | |
r-patched-solaris-x86 | 0.2.1 | 254.60 | OK | |||
r-release-linux-x86_64 | 0.2.1 | 151.72 | 32.89 | 184.61 | OK | |
r-release-macos-x86_64 | 0.2.1 | OK | ||||
r-release-windows-ix86+x86_64 | 0.2.1 | 402.00 | 71.00 | 473.00 | OK | |
r-oldrel-macos-x86_64 | 0.2.1 | OK | ||||
r-oldrel-windows-ix86+x86_64 | 0.2.1 | 353.00 | 65.00 | 418.00 | OK |
Version: 0.2.1
Check: installed package size
Result: NOTE
installed size is 7.4Mb
sub-directories of 1Mb or more:
libs 7.2Mb
Flavor: r-devel-linux-x86_64-fedora-clang