CRAN Package Check Results for Package sys

Last updated on 2019-09-18 05:47:12 CEST.

Flavor Version Tinstall Tcheck Ttotal Status Flags
r-devel-linux-x86_64-debian-clang 3.3 1.93 19.59 21.52 OK
r-devel-linux-x86_64-debian-gcc 3.3 1.85 16.53 18.38 OK
r-devel-linux-x86_64-fedora-clang 3.3 28.50 OK
r-devel-linux-x86_64-fedora-gcc 3.3 27.80 OK
r-devel-windows-ix86+x86_64 3.3 21.00 66.00 87.00 NOTE
r-patched-linux-x86_64 3.3 2.01 19.57 21.58 OK
r-patched-solaris-x86 3.3 45.40 OK
r-release-linux-x86_64 3.3 1.85 19.86 21.71 OK
r-release-windows-ix86+x86_64 3.3 12.00 79.00 91.00 NOTE
r-release-osx-x86_64 3.3 OK
r-oldrel-windows-ix86+x86_64 3.3 16.00 53.00 69.00 ERROR
r-oldrel-osx-x86_64 3.3 OK

Check Details

Version: 3.3
Check: package dependencies
Result: NOTE
    Package suggested but not available for checking: 'unix'
Flavors: r-devel-windows-ix86+x86_64, r-release-windows-ix86+x86_64, r-oldrel-windows-ix86+x86_64

Version: 3.3
Check: running tests for arch ‘i386’
Result: ERROR
     Running 'spelling.R' [0s]
     Running 'testthat.R' [8s]
    Running the tests in 'tests/testthat.R' failed.
    Complete output:
     > library(testthat)
     > library(sys)
     >
     > test_check("sys")
     -- 1. Failure: exec timeout works (@test-timeout.R#11) ------------------------
     `exec_wait(command, args, timeout = 1.5, std_out = FALSE)` did not throw an error.
    
     -- 2. Failure: exec timeout works (@test-timeout.R#14) ------------------------
     times[["elapsed"]] is not more than 1.5. Difference: -0.47
    
     == testthat results ===========================================================
     [ OK: 41 | SKIPPED: 2 | WARNINGS: 0 | FAILED: 2 ]
     1. Failure: exec timeout works (@test-timeout.R#11)
     2. Failure: exec timeout works (@test-timeout.R#14)
    
     Error: testthat unit tests failed
     Execution halted
Flavor: r-oldrel-windows-ix86+x86_64