CRAN Package Check Results for Package sysid

Last updated on 2021-09-21 05:51:39 CEST.

Flavor Version Tinstall Tcheck Ttotal Status Flags
r-devel-linux-x86_64-debian-clang 1.0.4 8.51 74.82 83.33 NOTE
r-devel-linux-x86_64-debian-gcc 1.0.4 6.64 55.17 61.81 NOTE
r-devel-linux-x86_64-fedora-clang 1.0.4 107.47 NOTE
r-devel-linux-x86_64-fedora-gcc 1.0.4 94.35 NOTE
r-devel-windows-x86_64 1.0.4 9.00 74.00 83.00 OK
r-devel-windows-x86_64-gcc10-UCRT 1.0.4 ERROR
r-patched-linux-x86_64 1.0.4 8.57 69.66 78.23 NOTE
r-patched-solaris-x86 1.0.4 138.60 NOTE
r-release-linux-x86_64 1.0.4 7.62 69.68 77.30 NOTE
r-release-macos-arm64 1.0.4 OK
r-release-macos-x86_64 1.0.4 OK
r-release-windows-ix86+x86_64 1.0.4 17.00 73.00 90.00 OK
r-oldrel-macos-x86_64 1.0.4 OK
r-oldrel-windows-ix86+x86_64 1.0.4 18.00 77.00 95.00 OK

Check Details

Version: 1.0.4
Check: for non-standard things in the check directory
Result: NOTE
    Found the following files/directories:
     'test.csv'
Flavors: r-devel-linux-x86_64-debian-clang, r-devel-linux-x86_64-debian-gcc, r-devel-linux-x86_64-fedora-clang, r-devel-linux-x86_64-fedora-gcc, r-patched-linux-x86_64, r-patched-solaris-x86, r-release-linux-x86_64

Version: 1.0.4
Check: whether package can be installed
Result: WARN
    Found the following significant warnings:
     WARNING: installation-time patches will not be applied, could not get the patches index
Flavor: r-devel-windows-x86_64-gcc10-UCRT

Version: 1.0.4
Check: PDF version of manual
Result: WARN
    LaTeX errors when creating PDF version.
    This typically indicates Rd problems.
Flavor: r-devel-windows-x86_64-gcc10-UCRT

Version: 1.0.4
Check: PDF version of manual without hyperrefs or index
Result: ERROR
    Re-running with no redirection of stdout/stderr.
Flavor: r-devel-windows-x86_64-gcc10-UCRT