CRAN Package Check Results for Package systemfit

Last updated on 2021-11-29 05:50:00 CET.

Flavor Version Tinstall Tcheck Ttotal Status Flags
r-devel-linux-x86_64-debian-clang 1.1-24 OK
r-devel-linux-x86_64-debian-gcc 1.1-24 10.61 144.68 155.29 OK
r-devel-linux-x86_64-fedora-clang 1.1-24 277.42 NOTE
r-devel-linux-x86_64-fedora-gcc 1.1-24 250.52 OK
r-devel-windows-x86_64-new-UL 1.1-24 24.00 292.00 316.00 OK
r-devel-windows-x86_64-new-TK 1.1-24 OK
r-devel-windows-x86_64-old 1.1-24 17.00 251.00 268.00 OK
r-patched-linux-x86_64 1.1-24 11.60 180.15 191.75 OK
r-patched-solaris-x86 1.1-24 329.90 OK
r-release-linux-x86_64 1.1-24 12.45 180.35 192.80 OK
r-release-macos-arm64 1.1-24 NOTE
r-release-macos-x86_64 1.1-24 OK
r-release-windows-ix86+x86_64 1.1-24 24.00 171.00 195.00 OK
r-oldrel-macos-x86_64 1.1-24 OK
r-oldrel-windows-ix86+x86_64 1.1-24 17.00 237.00 254.00 OK

Check Details

Version: 1.1-24
Check: Rd cross-references
Result: NOTE
    Undeclared package ‘Ecdat’ in Rd xrefs
Flavor: r-devel-linux-x86_64-fedora-clang

Version: 1.1-24
Check: re-building of vignette outputs
Result: NOTE
    Error(s) in re-building vignettes:
    --- re-building ‘systemfit.Rnw’ using Sweave
    Loading required package: Matrix
    Loading required package: car
    Loading required package: carData
    Loading required package: lmtest
    Loading required package: zoo
    
    Attaching package: ‘zoo’
    
    The following objects are masked from ‘package:base’:
    
     as.Date, as.Date.numeric
    
    
    Please cite the 'systemfit' package as:
    Arne Henningsen and Jeff D. Hamann (2007). systemfit: A Package for Estimating Systems of Simultaneous Equations in R. Journal of Statistical Software 23(4), 1-40. http://www.jstatsoft.org/v23/i04/.
    
    If you have questions, suggestions, or comments regarding the 'systemfit' package, please use a forum or 'tracker' at systemfit's R-Forge site:
    https://r-forge.r-project.org/projects/systemfit/
    
    Error: processing vignette 'systemfit.Rnw' failed with diagnostics:
     chunk 43 (label = systemfit_sem)
    Error : package or namespace load failed for ‘sem’ in loadNamespace(j <- i[[1L]], c(lib.loc, .libPaths()), versionCheck = vI[[j]]):
     there is no package called ‘mi’
    
    --- failed re-building ‘systemfit.Rnw’
    
    SUMMARY: processing the following file failed:
     ‘systemfit.Rnw’
    
    Error: Vignette re-building failed.
    Execution halted
Flavor: r-release-macos-arm64