CRAN Package Check Results for Package systemfonts

Last updated on 2022-09-27 05:52:27 CEST.

Flavor Version Tinstall Tcheck Ttotal Status Flags
r-devel-linux-x86_64-debian-clang 1.0.4 41.61 31.17 72.78 OK
r-devel-linux-x86_64-debian-gcc 1.0.4 32.59 24.69 57.28 OK
r-devel-linux-x86_64-fedora-clang 1.0.4 129.14 OK
r-devel-linux-x86_64-fedora-gcc 1.0.4 116.45 OK
r-devel-windows-x86_64 1.0.4 220.00 91.00 311.00 OK
r-patched-linux-x86_64 1.0.4 40.56 30.69 71.25 OK
r-release-linux-x86_64 1.0.4 41.04 29.92 70.96 OK
r-release-macos-arm64 1.0.4 36.00 NOTE
r-release-macos-x86_64 1.0.4 50.00 NOTE
r-release-windows-x86_64 1.0.4 180.00 91.00 271.00 OK
r-oldrel-macos-arm64 1.0.4 48.00 NOTE
r-oldrel-macos-x86_64 1.0.4 93.00 NOTE
r-oldrel-windows-ix86+x86_64 1.0.4 135.00 81.00 216.00 OK

Check Details

Version: 1.0.4
Check: installed package size
Result: NOTE
     installed size is 19.2Mb
     sub-directories of 1Mb or more:
     libs 19.0Mb
Flavors: r-release-macos-arm64, r-release-macos-x86_64, r-oldrel-macos-arm64, r-oldrel-macos-x86_64