CRAN Package Check Results for Package syt

Last updated on 2022-01-25 05:54:58 CET.

Flavor Version Tinstall Tcheck Ttotal Status Flags
r-devel-linux-x86_64-debian-clang 0.2.0 5.93 74.04 79.97 NOTE
r-devel-linux-x86_64-debian-gcc 0.2.0 6.73 58.43 65.16 NOTE
r-devel-linux-x86_64-fedora-clang 0.2.0 102.48 NOTE
r-devel-linux-x86_64-fedora-gcc 0.2.0 91.40 NOTE
r-devel-windows-x86_64-new-UL 0.2.0 29.00 103.00 132.00 NOTE
r-devel-windows-x86_64-new-TK 0.2.0 NOTE
r-patched-linux-x86_64 0.2.0 8.35 70.80 79.15 NOTE
r-release-linux-x86_64 0.2.0 4.64 70.06 74.70 NOTE
r-release-macos-arm64 0.2.0 NOTE
r-release-macos-x86_64 0.2.0 NOTE
r-release-windows-ix86+x86_64 0.2.0 16.00 85.00 101.00 NOTE
r-oldrel-macos-x86_64 0.2.0 OK
r-oldrel-windows-ix86+x86_64 0.2.0 16.00 86.00 102.00 OK

Check Details

Version: 0.2.0
Check: LazyData
Result: NOTE
     'LazyData' is specified without a 'data' directory
Flavors: r-devel-linux-x86_64-debian-clang, r-devel-linux-x86_64-debian-gcc, r-devel-linux-x86_64-fedora-clang, r-devel-linux-x86_64-fedora-gcc, r-devel-windows-x86_64-new-UL, r-devel-windows-x86_64-new-TK, r-patched-linux-x86_64, r-release-linux-x86_64, r-release-macos-arm64, r-release-macos-x86_64, r-release-windows-ix86+x86_64