CRAN Package Check Results for Package table.express

Last updated on 2021-06-21 05:49:56 CEST.

Flavor Version Tinstall Tcheck Ttotal Status Flags
r-devel-linux-x86_64-debian-clang 0.3.1 8.25 80.06 88.31 NOTE
r-devel-linux-x86_64-debian-gcc 0.3.1 6.62 57.01 63.63 NOTE
r-devel-linux-x86_64-fedora-clang 0.3.1 108.00 NOTE
r-devel-linux-x86_64-fedora-gcc 0.3.1 97.46 NOTE
r-devel-windows-x86_64 0.3.1 13.00 93.00 106.00 NOTE
r-devel-windows-x86_64-gcc10-UCRT 0.3.1 NOTE
r-patched-linux-x86_64 0.3.1 7.85 70.18 78.03 NOTE
r-patched-solaris-x86 0.3.1 128.90 NOTE
r-release-linux-x86_64 0.3.1 8.53 71.33 79.86 NOTE
r-release-macos-arm64 0.3.1 NOTE
r-release-macos-x86_64 0.3.1 NOTE
r-release-windows-ix86+x86_64 0.3.1 16.00 95.00 111.00 NOTE
r-oldrel-macos-x86_64 0.3.1 OK

Check Details

Version: 0.3.1
Check: LazyData
Result: NOTE
     'LazyData' is specified without a 'data' directory
Flavors: r-devel-linux-x86_64-debian-clang, r-devel-linux-x86_64-debian-gcc, r-devel-linux-x86_64-fedora-clang, r-devel-linux-x86_64-fedora-gcc, r-devel-windows-x86_64, r-devel-windows-x86_64-gcc10-UCRT, r-patched-linux-x86_64, r-patched-solaris-x86, r-release-linux-x86_64, r-release-macos-arm64, r-release-macos-x86_64, r-release-windows-ix86+x86_64