CRAN Package Check Results for Package targeted

Last updated on 2021-01-16 05:47:21 CET.

Flavor Version Tinstall Tcheck Ttotal Status Flags
r-devel-linux-x86_64-debian-clang 0.1.1 181.92 106.47 288.39 OK
r-devel-linux-x86_64-debian-gcc 0.1.1 125.12 112.19 237.31 OK
r-devel-linux-x86_64-fedora-clang 0.1.1 414.67 NOTE
r-devel-linux-x86_64-fedora-gcc 0.1.1 390.86 OK
r-devel-windows-ix86+x86_64 0.1.1 302.00 156.00 458.00 OK
r-patched-linux-x86_64 0.1.1 152.67 100.40 253.07 OK
r-patched-solaris-x86 0.1.1 370.40 OK
r-release-linux-x86_64 0.1.1 154.69 96.96 251.65 OK
r-release-macos-x86_64 0.1.1 NOTE
r-release-windows-ix86+x86_64 0.1.1 346.00 144.00 490.00 OK
r-oldrel-macos-x86_64 0.1.1 NOTE
r-oldrel-windows-ix86+x86_64 0.1.1 384.00 123.00 507.00 OK

Check Details

Version: 0.1.1
Check: installed package size
Result: NOTE
     installed size is 12.3Mb
     sub-directories of 1Mb or more:
     libs 11.4Mb
Flavors: r-devel-linux-x86_64-fedora-clang, r-release-macos-x86_64, r-oldrel-macos-x86_64