CRAN Package Check Results for Package tbart

Last updated on 2021-12-03 05:52:15 CET.

Flavor Version Tinstall Tcheck Ttotal Status Flags
r-devel-linux-x86_64-debian-clang 1.0 19.89 40.65 60.54 OK
r-devel-linux-x86_64-debian-gcc 1.0 15.28 31.86 47.14 OK
r-devel-linux-x86_64-fedora-clang 1.0 105.90 NOTE
r-devel-linux-x86_64-fedora-gcc 1.0 76.69 NOTE
r-devel-windows-x86_64-new-UL 1.0 33.00 101.00 134.00 OK
r-devel-windows-x86_64-new-TK 1.0 OK
r-devel-windows-x86_64-old 1.0 30.00 55.00 85.00 OK
r-patched-linux-x86_64 1.0 16.72 38.95 55.67 OK
r-patched-solaris-x86 1.0 95.10 OK
r-release-linux-x86_64 1.0 19.54 37.67 57.21 OK
r-release-macos-arm64 1.0 OK
r-release-macos-x86_64 1.0 OK
r-release-windows-ix86+x86_64 1.0 56.00 89.00 145.00 OK
r-oldrel-macos-x86_64 1.0 OK
r-oldrel-windows-ix86+x86_64 1.0 55.00 97.00 152.00 OK

Check Details

Version: 1.0
Check: compiled code
Result: NOTE
    File ‘tbart/libs/tbart.so’:
     Found no calls to: ‘R_registerRoutines’, ‘R_useDynamicSymbols’
    
    It is good practice to register native routines and to disable symbol
    search.
    
    See ‘Writing portable packages’ in the ‘Writing R Extensions’ manual.
Flavors: r-devel-linux-x86_64-fedora-clang, r-devel-linux-x86_64-fedora-gcc