CRAN Package Check Results for Package tenispolaR

Last updated on 2021-10-23 06:13:26 CEST.

Flavor Version Tinstall Tcheck Ttotal Status Flags
r-devel-linux-x86_64-debian-clang 0.1.4 1.84 20.88 22.72 NOTE
r-devel-linux-x86_64-debian-gcc 0.1.4 1.49 16.69 18.18 NOTE
r-devel-linux-x86_64-fedora-clang 0.1.4 38.93 NOTE
r-devel-linux-x86_64-fedora-gcc 0.1.4 28.88 NOTE
r-devel-windows-x86_64 0.1.4 4.00 30.00 34.00 NOTE
r-devel-windows-x86_64-gcc10-UCRT 0.1.4 NOTE
r-patched-linux-x86_64 0.1.4 1.91 20.71 22.62 NOTE
r-patched-solaris-x86 0.1.4 48.60 NOTE
r-release-linux-x86_64 0.1.4 1.84 20.44 22.28 NOTE
r-release-macos-arm64 0.1.4 NOTE
r-release-macos-x86_64 0.1.4 NOTE
r-release-windows-ix86+x86_64 0.1.4 3.00 39.00 42.00 NOTE
r-oldrel-macos-x86_64 0.1.4 OK
r-oldrel-windows-ix86+x86_64 0.1.4 5.00 37.00 42.00 OK

Check Details

Version: 0.1.4
Check: LazyData
Result: NOTE
     'LazyData' is specified without a 'data' directory
Flavors: r-devel-linux-x86_64-debian-clang, r-devel-linux-x86_64-debian-gcc, r-devel-linux-x86_64-fedora-clang, r-devel-linux-x86_64-fedora-gcc, r-devel-windows-x86_64, r-devel-windows-x86_64-gcc10-UCRT, r-patched-linux-x86_64, r-patched-solaris-x86, r-release-linux-x86_64, r-release-macos-arm64, r-release-macos-x86_64, r-release-windows-ix86+x86_64