CRAN Package Check Results for Package tetraclasse

Last updated on 2022-01-24 05:52:05 CET.

Flavor Version Tinstall Tcheck Ttotal Status Flags
r-devel-linux-x86_64-debian-clang 0.1.21 5.55 67.51 73.06 NOTE
r-devel-linux-x86_64-debian-gcc 0.1.21 4.59 50.26 54.85 NOTE
r-devel-linux-x86_64-fedora-clang 0.1.21 91.82 NOTE
r-devel-linux-x86_64-fedora-gcc 0.1.21 75.30 NOTE
r-devel-windows-x86_64-new-UL 0.1.21 28.00 89.00 117.00 NOTE
r-devel-windows-x86_64-new-TK 0.1.21 ERROR
r-patched-linux-x86_64 0.1.21 6.09 62.31 68.40 NOTE
r-release-linux-x86_64 0.1.21 5.83 62.23 68.06 NOTE
r-release-macos-arm64 0.1.21 NOTE
r-release-macos-x86_64 0.1.21 NOTE
r-release-windows-ix86+x86_64 0.1.21 17.00 81.00 98.00 NOTE
r-oldrel-macos-x86_64 0.1.21 OK
r-oldrel-windows-ix86+x86_64 0.1.21 17.00 80.00 97.00 OK

Check Details

Version: 0.1.21
Check: LazyData
Result: NOTE
     'LazyData' is specified without a 'data' directory
Flavors: r-devel-linux-x86_64-debian-clang, r-devel-linux-x86_64-debian-gcc, r-devel-linux-x86_64-fedora-clang, r-devel-linux-x86_64-fedora-gcc, r-devel-windows-x86_64-new-UL, r-patched-linux-x86_64, r-release-linux-x86_64, r-release-macos-arm64, r-release-macos-x86_64, r-release-windows-ix86+x86_64

Version: 0.1.21
Check: package dependencies
Result: ERROR
    Package required but not available: 'FactoMineR'
    
    See section 'The DESCRIPTION file' in the 'Writing R Extensions'
    manual.
Flavor: r-devel-windows-x86_64-new-TK