CRAN Package Check Results for Package texreg

Last updated on 2019-08-25 05:47:01 CEST.

Flavor Version Tinstall Tcheck Ttotal Status Flags
r-devel-linux-x86_64-debian-clang 1.36.23 11.30 83.19 94.49 OK
r-devel-linux-x86_64-debian-gcc 1.36.23 9.92 65.44 75.36 OK
r-devel-linux-x86_64-fedora-clang 1.36.23 108.15 OK
r-devel-linux-x86_64-fedora-gcc 1.36.23 112.04 OK
r-devel-windows-ix86+x86_64 1.36.23 18.00 127.00 145.00 OK
r-patched-linux-x86_64 1.36.23 10.83 85.16 95.99 OK
r-patched-solaris-x86 1.36.23 147.30 OK
r-release-linux-x86_64 1.36.23 11.09 85.14 96.23 OK
r-release-windows-ix86+x86_64 1.36.23 17.00 204.00 221.00 OK
r-release-osx-x86_64 1.36.23 NOTE
r-oldrel-windows-ix86+x86_64 1.36.23 22.00 123.00 145.00 OK
r-oldrel-osx-x86_64 1.36.23 OK

Check Details

Version: 1.36.23
Check: package dependencies
Result: NOTE
    Package which this enhances but not available for checking: ‘mnlogit’
Flavor: r-release-osx-x86_64