CRAN Package Check Results for Package text2vec

Last updated on 2021-06-18 05:49:04 CEST.

Flavor Version Tinstall Tcheck Ttotal Status Flags
r-devel-linux-x86_64-debian-clang 0.6 73.99 326.38 400.37 OK
r-devel-linux-x86_64-debian-gcc 0.6 51.59 246.82 298.41 OK
r-devel-linux-x86_64-fedora-clang 0.6 404.62 NOTE
r-devel-linux-x86_64-fedora-gcc 0.6 445.15 OK
r-devel-windows-x86_64 0.6 86.00 303.00 389.00 NOTE
r-devel-windows-x86_64-gcc10-UCRT 0.6 OK
r-patched-linux-x86_64 0.6 64.02 304.68 368.70 OK
r-patched-solaris-x86 0.6 913.40 NOTE
r-release-linux-x86_64 0.6 60.71 300.39 361.10 OK
r-release-macos-arm64 0.6 NOTE
r-release-macos-x86_64 0.6 NOTE
r-release-windows-ix86+x86_64 0.6 145.00 572.00 717.00 NOTE
r-oldrel-macos-x86_64 0.6 NOTE
r-oldrel-windows-ix86+x86_64 0.6 114.00 602.00 716.00 NOTE

Check Details

Version: 0.6
Check: installed package size
Result: NOTE
     installed size is 10.3Mb
     sub-directories of 1Mb or more:
     data 2.7Mb
     doc 2.9Mb
     libs 4.2Mb
Flavors: r-devel-linux-x86_64-fedora-clang, r-devel-windows-x86_64, r-patched-solaris-x86, r-release-macos-arm64, r-release-macos-x86_64, r-release-windows-ix86+x86_64, r-oldrel-macos-x86_64, r-oldrel-windows-ix86+x86_64