CRAN Package Check Results for Package textTinyR

Last updated on 2019-07-16 05:48:35 CEST.

Flavor Version Tinstall Tcheck Ttotal Status Flags
r-devel-linux-x86_64-debian-clang 1.1.3 113.57 120.48 234.05 OK
r-devel-linux-x86_64-debian-gcc 1.1.3 92.49 102.19 194.68 OK
r-devel-linux-x86_64-fedora-clang 1.1.3 330.34 NOTE
r-devel-linux-x86_64-fedora-gcc 1.1.3 353.92 OK
r-devel-windows-ix86+x86_64 1.1.3 276.00 167.00 443.00 OK
r-patched-linux-x86_64 1.1.3 111.75 119.92 231.67 OK
r-patched-solaris-x86 1.1.3 436.10 OK
r-release-linux-x86_64 1.1.3 103.92 120.49 224.41 OK
r-release-windows-ix86+x86_64 1.1.3 205.00 232.00 437.00 OK
r-release-osx-x86_64 1.1.3 NOTE
r-oldrel-windows-ix86+x86_64 1.1.3 261.00 157.00 418.00 OK
r-oldrel-osx-x86_64 1.1.3 NOTE

Check Details

Version: 1.1.3
Check: installed package size
Result: NOTE
     installed size is 14.8Mb
     sub-directories of 1Mb or more:
     libs 13.3Mb
Flavors: r-devel-linux-x86_64-fedora-clang, r-release-osx-x86_64, r-oldrel-osx-x86_64