CRAN Package Check Results for Package textshaping

Last updated on 2022-01-20 05:50:38 CET.

Flavor Version Tinstall Tcheck Ttotal Status Flags
r-devel-linux-x86_64-debian-clang 0.3.6 OK
r-devel-linux-x86_64-debian-gcc 0.3.6 12.72 24.94 37.66 OK
r-devel-linux-x86_64-fedora-clang 0.3.6 74.78 OK
r-devel-linux-x86_64-fedora-gcc 0.3.6 53.66 OK
r-devel-windows-x86_64-new-UL 0.3.6 207.00 73.00 280.00 ERROR
r-devel-windows-x86_64-new-TK 0.3.6 OK
r-patched-linux-x86_64 0.3.6 14.21 30.82 45.03 OK
r-release-linux-x86_64 0.3.6 OK
r-release-macos-arm64 0.3.6 NOTE
r-release-macos-x86_64 0.3.6 OK
r-release-windows-ix86+x86_64 0.3.6 53.00 59.00 112.00 OK
r-oldrel-macos-x86_64 0.3.6 OK
r-oldrel-windows-ix86+x86_64 0.3.6 54.00 64.00 118.00 OK

Check Details

Version: 0.3.6
Check: examples
Result: ERROR
    Running examples in 'textshaping-Ex.R' failed
    The error most likely occurred in:
    
    > ### Name: get_font_features
    > ### Title: Get available OpenType features in a font
    > ### Aliases: get_font_features
    >
    > ### ** Examples
    >
    > # Select a random font on the system
    > sys_fonts <- systemfonts::system_fonts()
    > random_font <- sys_fonts$family[sample(nrow(sys_fonts), 1)]
    >
    > # Get the features
    > get_font_features(random_font)
    Error in match_font_c(family, as.logical(italic), as.logical(bold)) :
     'translateCharUTF8' must be called on a CHARSXP, but got 'NULL'
    Calls: get_font_features -> match_font -> match_font_c
    Execution halted
Flavor: r-devel-windows-x86_64-new-UL

Version: 0.3.6
Check: installed package size
Result: NOTE
     installed size is 18.2Mb
     sub-directories of 1Mb or more:
     libs 18.1Mb
Flavor: r-release-macos-arm64