CRAN Package Check Results for Package tggd

Last updated on 2021-10-21 05:51:16 CEST.

Flavor Version Tinstall Tcheck Ttotal Status Flags
r-devel-linux-x86_64-debian-clang 0.1.1 2.12 21.58 23.70 NOTE
r-devel-linux-x86_64-debian-gcc 0.1.1 1.71 17.05 18.76 NOTE
r-devel-linux-x86_64-fedora-clang 0.1.1 39.89 NOTE
r-devel-linux-x86_64-fedora-gcc 0.1.1 30.04 NOTE
r-devel-windows-x86_64 0.1.1 3.00 33.00 36.00 NOTE
r-devel-windows-x86_64-gcc10-UCRT 0.1.1 NOTE
r-patched-linux-x86_64 0.1.1 4.02 21.40 25.42 NOTE
r-patched-solaris-x86 0.1.1 48.90 NOTE
r-release-linux-x86_64 0.1.1 2.07 21.73 23.80 NOTE
r-release-macos-arm64 0.1.1 NOTE
r-release-macos-x86_64 0.1.1 NOTE
r-release-windows-ix86+x86_64 0.1.1 5.00 34.00 39.00 NOTE
r-oldrel-macos-x86_64 0.1.1 OK
r-oldrel-windows-ix86+x86_64 0.1.1 4.00 32.00 36.00 OK

Check Details

Version: 0.1.1
Check: LazyData
Result: NOTE
     'LazyData' is specified without a 'data' directory
Flavors: r-devel-linux-x86_64-debian-clang, r-devel-linux-x86_64-debian-gcc, r-devel-linux-x86_64-fedora-clang, r-devel-linux-x86_64-fedora-gcc, r-devel-windows-x86_64, r-devel-windows-x86_64-gcc10-UCRT, r-patched-linux-x86_64, r-patched-solaris-x86, r-release-linux-x86_64, r-release-macos-arm64, r-release-macos-x86_64, r-release-windows-ix86+x86_64