CRAN Package Check Results for Package thematic

Last updated on 2022-12-02 05:55:30 CET.

Flavor Version Tinstall Tcheck Ttotal Status Flags
r-devel-linux-x86_64-debian-clang 0.1.2.1 4.98 58.58 63.56 OK
r-devel-linux-x86_64-debian-gcc 0.1.2.1 4.62 44.68 49.30 OK
r-devel-linux-x86_64-fedora-clang 0.1.2.1 89.24 OK
r-devel-linux-x86_64-fedora-gcc 0.1.2.1 92.37 OK
r-devel-windows-x86_64 0.1.2.1 99.00 93.00 192.00 OK
r-patched-linux-x86_64 0.1.2.1 5.98 56.22 62.20 OK
r-release-linux-x86_64 0.1.2.1 4.09 59.55 63.64 OK
r-release-macos-arm64 0.1.2.1 33.00 OK
r-release-macos-x86_64 0.1.2.1 56.00 OK
r-release-windows-x86_64 0.1.2.1 343.00 106.00 449.00 OK
r-oldrel-macos-arm64 0.1.2.1 31.00 NOTE
r-oldrel-macos-x86_64 0.1.2.1 42.00 OK
r-oldrel-windows-ix86+x86_64 0.1.2.1 10.00 86.00 96.00 OK

Check Details

Version: 0.1.2.1
Check: package dependencies
Result: NOTE
    Packages suggested but not available for checking: 'sysfonts', 'showtext'
Flavor: r-oldrel-macos-arm64