CRAN Package Check Results for Package this.path

Last updated on 2021-12-07 05:55:21 CET.

Flavor Version Tinstall Tcheck Ttotal Status Flags
r-devel-linux-x86_64-debian-clang 0.4.4 2.18 31.86 34.04 NOTE
r-devel-linux-x86_64-debian-gcc 0.4.4 1.71 25.49 27.20 NOTE
r-devel-linux-x86_64-fedora-clang 0.4.4 44.79 NOTE
r-devel-linux-x86_64-fedora-gcc 0.4.4 31.72 NOTE
r-devel-windows-x86_64-new-UL 0.4.4 6.00 68.00 74.00 NOTE
r-devel-windows-x86_64-new-TK 0.4.4 NOTE
r-devel-windows-x86_64-old 0.4.4 4.00 35.00 39.00 NOTE
r-patched-linux-x86_64 0.4.4 2.41 31.21 33.62 NOTE
r-release-linux-x86_64 0.4.4 1.85 31.11 32.96 NOTE
r-release-macos-arm64 0.4.4 NOTE
r-release-macos-x86_64 0.4.4 NOTE
r-release-windows-ix86+x86_64 0.4.4 5.00 32.00 37.00 NOTE
r-oldrel-macos-x86_64 0.4.4 OK
r-oldrel-windows-ix86+x86_64 0.4.4 6.00 53.00 59.00 OK

Check Details

Version: 0.4.4
Check: LazyData
Result: NOTE
     'LazyData' is specified without a 'data' directory
Flavors: r-devel-linux-x86_64-debian-clang, r-devel-linux-x86_64-debian-gcc, r-devel-linux-x86_64-fedora-clang, r-devel-linux-x86_64-fedora-gcc, r-devel-windows-x86_64-new-UL, r-devel-windows-x86_64-new-TK, r-devel-windows-x86_64-old, r-patched-linux-x86_64, r-release-linux-x86_64, r-release-macos-arm64, r-release-macos-x86_64, r-release-windows-ix86+x86_64