CRAN Package Check Results for Package thurstonianIRT

Last updated on 2020-07-15 05:48:27 CEST.

Flavor Version Tinstall Tcheck Ttotal Status Flags
r-devel-linux-x86_64-debian-clang 0.9.0 153.59 169.02 322.61 NOTE
r-devel-linux-x86_64-debian-gcc 0.9.0 128.58 132.80 261.38 NOTE
r-devel-linux-x86_64-fedora-clang 0.9.0 387.68 NOTE
r-devel-linux-x86_64-fedora-gcc 0.9.0 405.42 NOTE
r-devel-windows-ix86+x86_64 0.9.0 328.00 276.00 604.00 NOTE
r-patched-linux-x86_64 0.9.0 148.03 167.04 315.07 NOTE
r-patched-solaris-x86 0.9.0 408.30 NOTE
r-release-linux-x86_64 0.9.0 139.43 170.93 310.36 NOTE
r-release-macos-x86_64 0.9.0 ERROR
r-release-windows-ix86+x86_64 0.9.0 327.00 396.00 723.00 NOTE
r-oldrel-macos-x86_64 0.9.0 NOTE
r-oldrel-windows-ix86+x86_64 0.9.0 299.00 345.00 644.00 NOTE

Check Details

Version: 0.9.0
Check: for GNU extensions in Makefiles
Result: NOTE
    GNU make is a SystemRequirements.
Flavors: r-devel-linux-x86_64-debian-clang, r-devel-linux-x86_64-debian-gcc, r-devel-linux-x86_64-fedora-clang, r-devel-linux-x86_64-fedora-gcc, r-devel-windows-ix86+x86_64, r-patched-linux-x86_64, r-patched-solaris-x86, r-release-linux-x86_64, r-release-windows-ix86+x86_64, r-oldrel-macos-x86_64, r-oldrel-windows-ix86+x86_64

Version: 0.9.0
Check: installed package size
Result: NOTE
     installed size is 38.6Mb
     sub-directories of 1Mb or more:
     libs 38.3Mb
Flavors: r-devel-linux-x86_64-fedora-clang, r-oldrel-macos-x86_64

Version: 0.9.0
Check: whether package can be installed
Result: ERROR
    Installation failed.
Flavor: r-release-macos-x86_64