CRAN Package Check Results for Package thurstonianIRT

Last updated on 2019-12-12 05:48:29 CET.

Flavor Version Tinstall Tcheck Ttotal Status Flags
r-devel-linux-x86_64-debian-clang 0.9.0 116.27 132.35 248.62 NOTE
r-devel-linux-x86_64-debian-gcc 0.9.0 111.28 103.20 214.48 NOTE
r-devel-linux-x86_64-fedora-clang 0.9.0 317.42 NOTE
r-devel-linux-x86_64-fedora-gcc 0.9.0 358.55 NOTE
r-devel-windows-ix86+x86_64 0.9.0 198.00 310.00 508.00 NOTE
r-devel-windows-ix86+x86_64-gcc8 0.9.0 206.00 347.00 553.00 NOTE
r-patched-linux-x86_64 0.9.0 110.55 117.84 228.39 NOTE
r-patched-solaris-x86 0.9.0 322.80 NOTE
r-release-linux-x86_64 0.9.0 114.48 119.35 233.83 NOTE
r-release-windows-ix86+x86_64 0.9.0 192.00 212.00 404.00 NOTE
r-release-osx-x86_64 0.9.0 NOTE
r-oldrel-windows-ix86+x86_64 0.9.0 166.00 166.00 332.00 NOTE
r-oldrel-osx-x86_64 0.9.0 ERROR

Check Details

Version: 0.9.0
Check: for GNU extensions in Makefiles
Result: NOTE
    GNU make is a SystemRequirements.
Flavors: r-devel-linux-x86_64-debian-clang, r-devel-linux-x86_64-debian-gcc, r-devel-linux-x86_64-fedora-clang, r-devel-linux-x86_64-fedora-gcc, r-devel-windows-ix86+x86_64, r-devel-windows-ix86+x86_64-gcc8, r-patched-linux-x86_64, r-patched-solaris-x86, r-release-linux-x86_64, r-release-windows-ix86+x86_64, r-release-osx-x86_64, r-oldrel-windows-ix86+x86_64

Version: 0.9.0
Check: installed package size
Result: NOTE
     installed size is 29.6Mb
     sub-directories of 1Mb or more:
     libs 29.3Mb
Flavors: r-devel-linux-x86_64-fedora-clang, r-release-osx-x86_64

Version: 0.9.0
Check: whether package can be installed
Result: ERROR
    Installation failed.
Flavor: r-oldrel-osx-x86_64