CRAN Package Check Results for Package tictoc

Last updated on 2020-11-28 05:51:21 CET.

Flavor Version Tinstall Tcheck Ttotal Status Flags
r-devel-linux-x86_64-debian-clang 1.0 2.33 28.75 31.08 NOTE
r-devel-linux-x86_64-debian-gcc 1.0 1.68 24.06 25.74 NOTE
r-devel-linux-x86_64-fedora-clang 1.0 38.65 NOTE
r-devel-linux-x86_64-fedora-gcc 1.0 28.87 NOTE
r-devel-windows-ix86+x86_64 1.0 4.00 37.00 41.00 NOTE
r-patched-linux-x86_64 1.0 2.28 27.64 29.92 NOTE
r-patched-solaris-x86 1.0 43.70 NOTE
r-release-linux-x86_64 1.0 2.29 27.97 30.26 NOTE
r-release-macos-x86_64 1.0 NOTE
r-release-windows-ix86+x86_64 1.0 4.00 29.00 33.00 NOTE
r-oldrel-macos-x86_64 1.0 NOTE
r-oldrel-windows-ix86+x86_64 1.0 5.00 45.00 50.00 NOTE

Check Details

Version: 1.0
Check: DESCRIPTION meta-information
Result: NOTE
    Malformed Title field: should not end in a period.
Flavors: r-devel-linux-x86_64-debian-clang, r-devel-linux-x86_64-debian-gcc, r-devel-linux-x86_64-fedora-clang, r-devel-linux-x86_64-fedora-gcc, r-devel-windows-ix86+x86_64, r-patched-linux-x86_64, r-patched-solaris-x86, r-release-linux-x86_64, r-release-macos-x86_64, r-release-windows-ix86+x86_64, r-oldrel-macos-x86_64, r-oldrel-windows-ix86+x86_64