CRAN Package Check Results for Package tidyREDCap

Last updated on 2021-12-07 05:55:21 CET.

Flavor Version Tinstall Tcheck Ttotal Status Flags
r-devel-linux-x86_64-debian-clang 0.2.0 5.86 65.22 71.08 NOTE
r-devel-linux-x86_64-debian-gcc 0.2.0 4.60 49.48 54.08 NOTE
r-devel-linux-x86_64-fedora-clang 0.2.0 88.83 NOTE
r-devel-linux-x86_64-fedora-gcc 0.2.0 73.40 NOTE
r-devel-windows-x86_64-new-UL 0.2.0 13.00 106.00 119.00 NOTE
r-devel-windows-x86_64-new-TK 0.2.0 NOTE
r-devel-windows-x86_64-old 0.2.0 10.00 62.00 72.00 NOTE
r-patched-linux-x86_64 0.2.0 5.86 65.76 71.62 NOTE
r-release-linux-x86_64 0.2.0 4.99 65.89 70.88 NOTE
r-release-macos-arm64 0.2.0 NOTE
r-release-macos-x86_64 0.2.0 NOTE
r-release-windows-ix86+x86_64 0.2.0 11.00 81.00 92.00 NOTE
r-oldrel-macos-x86_64 0.2.0 OK
r-oldrel-windows-ix86+x86_64 0.2.0 14.00 87.00 101.00 OK

Check Details

Version: 0.2.0
Check: LazyData
Result: NOTE
     'LazyData' is specified without a 'data' directory
Flavors: r-devel-linux-x86_64-debian-clang, r-devel-linux-x86_64-debian-gcc, r-devel-linux-x86_64-fedora-clang, r-devel-linux-x86_64-fedora-gcc, r-devel-windows-x86_64-new-UL, r-devel-windows-x86_64-new-TK, r-devel-windows-x86_64-old, r-patched-linux-x86_64, r-release-linux-x86_64, r-release-macos-arm64, r-release-macos-x86_64, r-release-windows-ix86+x86_64