CRAN Package Check Results for Package tidybins

Last updated on 2024-06-19 06:58:17 CEST.

Flavor Version Tinstall Tcheck Ttotal Status Flags
r-devel-linux-x86_64-debian-clang 0.1.1 3.73 44.45 48.18 OK
r-devel-linux-x86_64-debian-gcc 0.1.1 2.78 33.14 35.92 OK
r-devel-linux-x86_64-fedora-clang 0.1.1 63.22 NOTE
r-devel-linux-x86_64-fedora-gcc 0.1.1 73.34 NOTE
r-devel-windows-x86_64 0.1.1 6.00 63.00 69.00 OK
r-patched-linux-x86_64 0.1.0 2.23 42.11 44.34 NOTE
r-release-linux-x86_64 0.1.1 3.06 42.55 45.61 OK
r-release-macos-arm64 0.1.1 30.00 OK
r-release-macos-x86_64 0.1.1 66.00 OK
r-release-windows-x86_64 0.1.1 6.00 61.00 67.00 OK
r-oldrel-macos-arm64 0.1.1 34.00 OK
r-oldrel-macos-x86_64 0.1.1 56.00 OK
r-oldrel-windows-x86_64 0.1.1 6.00 66.00 72.00 OK

Check Details

Version: 0.1.1
Check: dependencies in R code
Result: NOTE Namespaces in Imports field not imported from: ‘badger’ ‘ggplot2’ ‘lubridate’ ‘scales’ ‘xgboost’ All declared Imports should be used. Flavors: r-devel-linux-x86_64-fedora-clang, r-devel-linux-x86_64-fedora-gcc

Version: 0.1.0
Check: Rd files
Result: NOTE checkRd: (-1) bin_cols.Rd:50: Lost braces in \itemize; meant \describe ? checkRd: (-1) bin_cols.Rd:51: Lost braces in \itemize; meant \describe ? checkRd: (-1) bin_cols.Rd:52: Lost braces in \itemize; meant \describe ? checkRd: (-1) bin_cols.Rd:53: Lost braces in \itemize; meant \describe ? checkRd: (-1) bin_cols.Rd:54: Lost braces in \itemize; meant \describe ? checkRd: (-1) bin_cols.Rd:55: Lost braces in \itemize; meant \describe ? checkRd: (-1) bin_cols.Rd:56: Lost braces in \itemize; meant \describe ? checkRd: (-1) bin_cols.Rd:57: Lost braces in \itemize; meant \describe ? checkRd: (-1) bin_cols.Rd:58: Lost braces in \itemize; meant \describe ? Flavor: r-patched-linux-x86_64