CRAN Package Check Results for Package tidyestimate

Last updated on 2021-12-03 05:52:16 CET.

Flavor Version Tinstall Tcheck Ttotal Status Flags
r-devel-linux-x86_64-debian-clang 1.1.0 5.88 55.85 61.73 OK
r-devel-linux-x86_64-debian-gcc 1.1.0 4.98 42.00 46.98 OK
r-devel-linux-x86_64-fedora-clang 1.1.0 87.74 NOTE
r-devel-linux-x86_64-fedora-gcc 1.1.0 71.32 NOTE
r-devel-windows-x86_64-new-UL 1.1.0 15.00 100.00 115.00 OK
r-devel-windows-x86_64-new-TK 1.1.0 NOTE
r-devel-windows-x86_64-old 1.1.0 12.00 56.00 68.00 OK
r-patched-linux-x86_64 1.1.0 6.38 50.64 57.02 OK
r-patched-solaris-x86 1.1.0 97.70 NOTE
r-release-linux-x86_64 1.1.0 4.83 50.70 55.53 OK
r-release-macos-arm64 1.1.0 NOTE
r-release-macos-x86_64 1.1.0 NOTE
r-release-windows-ix86+x86_64 1.1.0 14.00 74.00 88.00 OK

Check Details

Version: 1.1.0
Check: dependencies in R code
Result: NOTE
    Namespaces in Imports field not imported from:
     ‘grDevices’ ‘graphics’ ‘utils’
     All declared Imports should be used.
Flavors: r-devel-linux-x86_64-fedora-clang, r-devel-linux-x86_64-fedora-gcc, r-devel-windows-x86_64-new-TK, r-patched-solaris-x86, r-release-macos-arm64, r-release-macos-x86_64

Version: 1.1.0
Check: data for non-ASCII characters
Result: NOTE
     Note: found 6 marked UTF-8 strings
Flavors: r-devel-linux-x86_64-fedora-clang, r-devel-linux-x86_64-fedora-gcc, r-devel-windows-x86_64-new-TK, r-patched-solaris-x86, r-release-macos-arm64, r-release-macos-x86_64