CRAN Package Check Results for Package tidyxl

Last updated on 2020-07-06 04:48:02 CEST.

Flavor Version Tinstall Tcheck Ttotal Status Flags
r-devel-linux-x86_64-debian-clang 1.0.6 179.67 69.38 249.05 WARN
r-devel-linux-x86_64-debian-gcc 1.0.6 132.19 53.70 185.89 OK
r-devel-linux-x86_64-fedora-clang 1.0.6 362.45 WARN
r-devel-linux-x86_64-fedora-gcc 1.0.6 322.71 OK
r-devel-windows-ix86+x86_64 1.0.6 426.00 119.00 545.00 OK
r-patched-linux-x86_64 1.0.6 137.87 68.49 206.36 OK
r-patched-solaris-x86 1.0.6 273.30 OK
r-release-linux-x86_64 1.0.6 140.28 69.19 209.47 OK
r-release-osx-x86_64 1.0.6 WARN
r-release-windows-ix86+x86_64 1.0.6 312.00 111.00 423.00 OK
r-oldrel-osx-x86_64 1.0.6 WARN
r-oldrel-windows-ix86+x86_64 1.0.6 331.00 156.00 487.00 OK

Check Details

Version: 1.0.6
Check: compiled code
Result: WARN
    File 'tidyxl/libs/tidyxl.so':
     Found 'abort', possibly from 'abort' (C)
     Object: 'xlex.o'
    
    Compiled code should not call entry points which might terminate R nor
    write to stdout/stderr instead of to the console, nor use Fortran I/O
    nor system RNGs.
    
    See 'Writing portable packages' in the 'Writing R Extensions' manual.
Flavors: r-devel-linux-x86_64-debian-clang, r-devel-linux-x86_64-fedora-clang

Version: 1.0.6
Check: installed package size
Result: NOTE
     installed size is 11.4Mb
     sub-directories of 1Mb or more:
     libs 10.4Mb
Flavors: r-devel-linux-x86_64-fedora-clang, r-release-osx-x86_64, r-oldrel-osx-x86_64

Version: 1.0.6
Check: compiled code
Result: WARN
    File ‘tidyxl/libs/tidyxl.so’:
     Found ‘_abort’, possibly from ‘abort’ (C)
     Object: ‘xlex.o’
    
    Compiled code should not call entry points which might terminate R nor
    write to stdout/stderr instead of to the console, nor use Fortran I/O
    nor system RNGs.
    
    See ‘Writing portable packages’ in the ‘Writing R Extensions’ manual.
Flavors: r-release-osx-x86_64, r-oldrel-osx-x86_64