CRAN Package Check Results for Package tiler

Last updated on 2020-06-01 05:48:30 CEST.

Flavor Version Tinstall Tcheck Ttotal Status Flags
r-devel-linux-x86_64-debian-clang 0.2.4 2.26 31.19 33.45 OK
r-devel-linux-x86_64-debian-gcc 0.2.4 1.77 25.20 26.97 OK
r-devel-linux-x86_64-fedora-clang 0.2.4 51.10 NOTE
r-devel-linux-x86_64-fedora-gcc 0.2.4 40.45 NOTE
r-devel-windows-ix86+x86_64 0.2.4 9.00 104.00 113.00 OK
r-patched-linux-x86_64 0.2.4 1.87 31.53 33.40 OK
r-patched-solaris-x86 0.2.4 64.60 NOTE
r-release-linux-x86_64 0.2.4 2.47 31.22 33.69 OK
r-release-osx-x86_64 0.2.4 NOTE
r-release-windows-ix86+x86_64 0.2.4 7.00 119.00 126.00 OK
r-oldrel-osx-x86_64 0.2.4 NOTE
r-oldrel-windows-ix86+x86_64 0.2.4 6.00 45.00 51.00 OK

Check Details

Version: 0.2.4
Check: dependencies in R code
Result: NOTE
    Namespace in Imports field not imported from: ‘rgdal’
     All declared Imports should be used.
Flavors: r-devel-linux-x86_64-fedora-clang, r-devel-linux-x86_64-fedora-gcc, r-patched-solaris-x86, r-release-osx-x86_64, r-oldrel-osx-x86_64