CRAN Package Check Results for Package timeseriesdb

Last updated on 2019-08-21 05:47:05 CEST.

Flavor Version Tinstall Tcheck Ttotal Status Flags
r-devel-linux-x86_64-debian-clang 0.4.1 4.81 43.65 48.46 OK
r-devel-linux-x86_64-debian-gcc 0.4.1 4.36 34.33 38.69 OK
r-devel-linux-x86_64-fedora-clang 0.4.1 57.55 NOTE
r-devel-linux-x86_64-fedora-gcc 0.4.1 56.60 NOTE
r-devel-windows-ix86+x86_64 0.4.1 16.00 59.00 75.00 OK
r-patched-linux-x86_64 0.4.1 4.85 42.08 46.93 OK
r-patched-solaris-x86 0.4.1 87.30 NOTE
r-release-linux-x86_64 0.4.1 4.60 42.30 46.90 OK
r-release-windows-ix86+x86_64 0.4.1 10.00 56.00 66.00 OK
r-release-osx-x86_64 0.4.1 NOTE
r-oldrel-windows-ix86+x86_64 0.4.1 9.00 81.00 90.00 OK
r-oldrel-osx-x86_64 0.4.1 NOTE

Check Details

Version: 0.4.1
Check: dependencies in R code
Result: NOTE
    Namespace in Imports field not imported from: ‘shiny’
     All declared Imports should be used.
Flavors: r-devel-linux-x86_64-fedora-clang, r-devel-linux-x86_64-fedora-gcc, r-patched-solaris-x86, r-release-osx-x86_64, r-oldrel-osx-x86_64