CRAN Package Check Results for Package tinyspotifyr

Last updated on 2022-01-25 05:54:59 CET.

Flavor Version Tinstall Tcheck Ttotal Status Flags
r-devel-linux-x86_64-debian-clang 0.2.2 3.87 39.30 43.17 NOTE
r-devel-linux-x86_64-debian-gcc 0.2.2 3.10 30.85 33.95 NOTE
r-devel-linux-x86_64-fedora-clang 0.2.2 52.92 NOTE
r-devel-linux-x86_64-fedora-gcc 0.2.2 41.61 NOTE
r-devel-windows-x86_64-new-UL 0.2.2 150.00 63.00 213.00 NOTE
r-devel-windows-x86_64-new-TK 0.2.2 NOTE
r-patched-linux-x86_64 0.2.2 3.43 37.77 41.20 NOTE
r-release-linux-x86_64 0.2.2 3.28 37.50 40.78 NOTE
r-release-macos-arm64 0.2.2 NOTE
r-release-macos-x86_64 0.2.2 NOTE
r-release-windows-ix86+x86_64 0.2.2 9.00 47.00 56.00 NOTE
r-oldrel-macos-x86_64 0.2.2 OK
r-oldrel-windows-ix86+x86_64 0.2.2 7.00 48.00 55.00 OK

Check Details

Version: 0.2.2
Check: LazyData
Result: NOTE
     'LazyData' is specified without a 'data' directory
Flavors: r-devel-linux-x86_64-debian-clang, r-devel-linux-x86_64-debian-gcc, r-devel-linux-x86_64-fedora-clang, r-devel-linux-x86_64-fedora-gcc, r-devel-windows-x86_64-new-UL, r-devel-windows-x86_64-new-TK, r-patched-linux-x86_64, r-release-linux-x86_64, r-release-macos-arm64, r-release-macos-x86_64, r-release-windows-ix86+x86_64