CRAN Package Check Results for Package tkrgl

Last updated on 2020-02-20 05:48:40 CET.

Flavor Version Tinstall Tcheck Ttotal Status Flags
r-devel-linux-x86_64-debian-clang 0.8 4.64 33.83 38.47 OK
r-devel-linux-x86_64-debian-gcc 0.8 3.51 27.32 30.83 OK
r-devel-linux-x86_64-fedora-clang 0.8 49.67 OK
r-devel-linux-x86_64-fedora-gcc 0.8 46.19 OK
r-devel-windows-ix86+x86_64 0.8 10.00 58.00 68.00 OK
r-devel-windows-ix86+x86_64-gcc8 0.8 16.00 54.00 70.00 OK
r-patched-linux-x86_64 0.8 3.72 31.18 34.90 OK
r-patched-solaris-x86 0.8 77.90 OK
r-release-linux-x86_64 0.8 3.77 31.39 35.16 OK
r-release-windows-ix86+x86_64 0.8 8.00 52.00 60.00 OK
r-release-osx-x86_64 0.8 WARN
r-oldrel-windows-ix86+x86_64 0.8 6.00 51.00 57.00 OK
r-oldrel-osx-x86_64 0.8 OK

Check Details

Version: 0.8
Check: whether package can be installed
Result: WARN
    Found the following significant warnings:
     Warning: 'rgl_init' failed, running with rgl.useNULL = TRUE
Flavor: r-release-osx-x86_64