CRAN Package Check Results for Package tkrgl

Last updated on 2019-09-17 05:47:22 CEST.

Flavor Version Tinstall Tcheck Ttotal Status Flags
r-devel-linux-x86_64-debian-clang 0.8 3.78 29.22 33.00 OK
r-devel-linux-x86_64-debian-gcc 0.8 OK
r-devel-linux-x86_64-fedora-clang 0.8 42.36 OK
r-devel-linux-x86_64-fedora-gcc 0.8 42.73 OK
r-devel-windows-ix86+x86_64 0.8 15.00 53.00 68.00 OK
r-patched-linux-x86_64 0.8 3.58 30.03 33.61 OK
r-patched-solaris-x86 0.8 78.30 OK
r-release-linux-x86_64 0.8 3.27 30.99 34.26 OK
r-release-windows-ix86+x86_64 0.8 9.00 85.00 94.00 OK
r-release-osx-x86_64 0.8 WARN
r-oldrel-windows-ix86+x86_64 0.8 9.00 52.00 61.00 OK
r-oldrel-osx-x86_64 0.8 OK

Check Details

Version: 0.8
Check: whether package can be installed
Result: WARN
    Found the following significant warnings:
     Warning: 'rgl_init' failed, running with rgl.useNULL = TRUE
Flavor: r-release-osx-x86_64