CRAN Package Check Results for Package tkrplot

Last updated on 2019-07-16 05:48:36 CEST.

Flavor Version Tinstall Tcheck Ttotal Status Flags
r-devel-linux-x86_64-debian-clang 0.0-24 2.42 19.60 22.02 NOTE
r-devel-linux-x86_64-debian-gcc 0.0-24 2.14 16.98 19.12 NOTE
r-devel-linux-x86_64-fedora-clang 0.0-24 29.25 NOTE
r-devel-linux-x86_64-fedora-gcc 0.0-24 27.70 NOTE
r-devel-windows-ix86+x86_64 0.0-24 10.00 40.00 50.00 OK
r-patched-linux-x86_64 0.0-24 2.73 20.55 23.28 NOTE
r-patched-solaris-x86 0.0-24 45.50 NOTE
r-release-linux-x86_64 0.0-24 2.60 20.78 23.38 NOTE
r-release-windows-ix86+x86_64 0.0-24 8.00 55.00 63.00 OK
r-release-osx-x86_64 0.0-24 OK
r-oldrel-windows-ix86+x86_64 0.0-24 8.00 40.00 48.00 OK
r-oldrel-osx-x86_64 0.0-24 WARN

Check Details

Version: 0.0-24
Check: R code for possible problems
Result: NOTE
    Found an obsolete/platform-specific call in the following function:
     '.my.tkdev'
    Found the platform-specific device:
     'X11'
    dev.new() is the preferred way to open a new device, in the unlikely
    event one is needed.
Flavors: r-devel-linux-x86_64-debian-clang, r-devel-linux-x86_64-debian-gcc, r-devel-linux-x86_64-fedora-clang, r-devel-linux-x86_64-fedora-gcc, r-patched-linux-x86_64, r-patched-solaris-x86, r-release-linux-x86_64

Version: 0.0-24
Check: compiled code
Result: NOTE
    File ‘tkrplot/libs/tkrplot.so’:
     Found no calls to: ‘R_registerRoutines’, ‘R_useDynamicSymbols’
    
    It is good practice to register native routines and to disable symbol
    search.
    
    See ‘Writing portable packages’ in the ‘Writing R Extensions’ manual.
Flavors: r-devel-linux-x86_64-fedora-clang, r-devel-linux-x86_64-fedora-gcc

Version: 0.0-24
Check: whether package can be installed
Result: WARN
    Found the following significant warnings:
     Warning: loading Rplot failed
Flavor: r-oldrel-osx-x86_64

Version: 0.0-24
Check: whether the namespace can be loaded with stated dependencies
Result: NOTE
    Warning: loading Rplot failed
    
    A namespace must be able to be loaded with just the base namespace
    loaded: otherwise if the namespace gets loaded by a saved object, the
    session will be unable to start.
    
    Probably some imports need to be declared in the NAMESPACE file.
Flavor: r-oldrel-osx-x86_64