CRAN Package Check Results for Package tmap

Last updated on 2021-12-02 05:49:13 CET.

Flavor Version Tinstall Tcheck Ttotal Status Flags
r-devel-linux-x86_64-debian-clang 3.3-2 41.36 415.28 456.64 OK
r-devel-linux-x86_64-debian-gcc 3.3-2 35.18 303.24 338.42 OK
r-devel-linux-x86_64-fedora-clang 3.3-2 588.71 OK
r-devel-linux-x86_64-fedora-gcc 3.3-2 544.34 OK
r-devel-windows-x86_64-new-UL 3.3-2 77.00 497.00 574.00 OK
r-devel-windows-x86_64-new-TK 3.3-2 OK
r-devel-windows-x86_64-old 3.3-2 67.00 356.00 423.00 OK
r-patched-linux-x86_64 3.3-2 41.76 404.62 446.38 OK
r-patched-solaris-x86 3.3-2 569.00 ERROR
r-release-linux-x86_64 3.3-2 40.52 405.18 445.70 OK
r-release-macos-arm64 3.3-2 OK
r-release-macos-x86_64 3.3-2 OK
r-release-windows-ix86+x86_64 3.3-2 94.00 476.00 570.00 OK
r-oldrel-macos-x86_64 3.3-2 OK
r-oldrel-windows-ix86+x86_64 3.3-2 65.00 9.00 74.00 ERROR

Check Details

Version: 3.3-2
Check: package dependencies
Result: NOTE
    Packages suggested but not available for checking: 'av', 'gifski'
Flavor: r-patched-solaris-x86

Version: 3.3-2
Check: examples
Result: ERROR
    Running examples in ‘tmap-Ex.R’ failed
    The error most likely occurred in:
    
    > ### Name: tm_xlab
    > ### Title: Axis labels
    > ### Aliases: tm_xlab tm_ylab
    >
    > ### ** Examples
    >
    > data(World)
    >
    > qtm(World, fill="#FFF8DC", projection=4326, inner.margins=0) +
    + tm_grid(x = seq(-180, 180, by=20), y=seq(-90,90,by=10), col = "gray70") +
    + tm_xlab("Longitude") +
    + tm_ylab("Latitude")
    Warning in CPL_transform(x, crs, aoi, pipeline, reverse, desired_accuracy, :
     GDAL Error 1: No PROJ.4 translation for source SRS, coordinate transformation initialization has failed.
    Error in CPL_transform(x, crs, aoi, pipeline, reverse, desired_accuracy, :
     OGRCreateCoordinateTransformation(): transformation not available
    Calls: <Anonymous> ... st_transform.sfc -> st_sfc -> structure -> CPL_transform
    Execution halted
Flavor: r-patched-solaris-x86

Version: 3.3-2
Check: re-building of vignette outputs
Result: WARN
    Error(s) in re-building vignettes:
     ...
    --- re-building ‘tmap-JSS-code.Rmd’ using rmarkdown
    Pandoc is required to build R Markdown vignettes but not available. Please make sure it is installed.
    --- finished re-building ‘tmap-JSS-code.Rmd’
    
    --- re-building ‘tmap-changes.Rmd’ using rmarkdown
    Pandoc is required to build R Markdown vignettes but not available. Please make sure it is installed.
    Linking to GEOS 3.10.1, GDAL 2.4.4, PROJ 5.2.0
    --- finished re-building ‘tmap-changes.Rmd’
    
    --- re-building ‘tmap-getstarted.Rmd’ using rmarkdown
    Pandoc is required to build R Markdown vignettes but not available. Please make sure it is installed.
    Quitting from lines 68-79 (tmap-getstarted.Rmd)
    Error: processing vignette 'tmap-getstarted.Rmd' failed with diagnostics:
    OGRCreateCoordinateTransformation(): transformation not available
    --- failed re-building ‘tmap-getstarted.Rmd’
    
    SUMMARY: processing the following file failed:
     ‘tmap-getstarted.Rmd’
    
    Error: Vignette re-building failed.
    Execution halted
Flavor: r-patched-solaris-x86

Version: 3.3-2
Check: whether package can be installed
Result: ERROR
    Installation failed.
Flavor: r-oldrel-windows-ix86+x86_64