CRAN Package Check Results for Package tmaptools

Last updated on 2021-12-01 05:59:41 CET.

Flavor Version Tinstall Tcheck Ttotal Status Flags
r-devel-linux-x86_64-debian-clang 3.1-1 8.50 99.18 107.68 NOTE
r-devel-linux-x86_64-debian-gcc 3.1-1 4.72 73.77 78.49 NOTE
r-devel-linux-x86_64-fedora-clang 3.1-1 149.63 NOTE
r-devel-linux-x86_64-fedora-gcc 3.1-1 128.51 NOTE
r-devel-windows-x86_64-new-UL 3.1-1 17.00 142.00 159.00 NOTE
r-devel-windows-x86_64-new-TK 3.1-1 NOTE
r-devel-windows-x86_64-old 3.1-1 14.00 95.00 109.00 NOTE
r-patched-linux-x86_64 3.1-1 7.09 92.63 99.72 NOTE
r-patched-solaris-x86 3.1-1 174.90 ERROR
r-release-linux-x86_64 3.1-1 6.92 92.77 99.69 NOTE
r-release-macos-arm64 3.1-1 NOTE
r-release-macos-x86_64 3.1-1 NOTE
r-release-windows-ix86+x86_64 3.1-1 19.00 91.00 110.00 NOTE
r-oldrel-macos-x86_64 3.1-1 OK
r-oldrel-windows-ix86+x86_64 3.1-1 14.00 100.00 114.00 OK

Check Details

Version: 3.1-1
Check: LazyData
Result: NOTE
     'LazyData' is specified without a 'data' directory
Flavors: r-devel-linux-x86_64-debian-clang, r-devel-linux-x86_64-debian-gcc, r-devel-linux-x86_64-fedora-clang, r-devel-linux-x86_64-fedora-gcc, r-devel-windows-x86_64-new-UL, r-devel-windows-x86_64-new-TK, r-devel-windows-x86_64-old, r-patched-linux-x86_64, r-patched-solaris-x86, r-release-linux-x86_64, r-release-macos-arm64, r-release-macos-x86_64, r-release-windows-ix86+x86_64

Version: 3.1-1
Check: Rd cross-references
Result: NOTE
    Undeclared package ‘sp’ in Rd xrefs
Flavor: r-devel-linux-x86_64-fedora-clang

Version: 3.1-1
Check: examples
Result: ERROR
    Running examples in ‘tmaptools-Ex.R’ failed
    The error most likely occurred in:
    
    > ### Name: crop_shape
    > ### Title: Crop shape object
    > ### Aliases: crop_shape
    >
    > ### ** Examples
    >
    > if (require(tmap) && packageVersion("tmap") >= "2.0") {
    + data(World, NLD_muni, land, metro)
    +
    + #land_NLD <- crop_shape(land, NLD_muni)
    +
    + #qtm(land_NLD, raster="trees", style="natural")
    +
    + metro_Europe <- crop_shape(metro, World[World$continent == "Europe", ], polygon = TRUE)
    +
    + qtm(World) +
    + tm_shape(metro_Europe) +
    + tm_bubbles("pop2010", col="red", title.size="European cities") +
    + tm_legend(frame=TRUE)
    + }
    Loading required package: tmap
    old-style crs object detected; please recreate object with a recent sf::st_crs()
    Warning in CPL_transform(x, crs, aoi, pipeline, reverse, desired_accuracy, :
     GDAL Error 1: No PROJ.4 translation for source SRS, coordinate transformation initialization has failed.
    Error in CPL_transform(x, crs, aoi, pipeline, reverse, desired_accuracy, :
     OGRCreateCoordinateTransformation(): transformation not available
    Calls: crop_shape ... st_transform.sfc -> st_sfc -> structure -> CPL_transform
    Execution halted
Flavor: r-patched-solaris-x86