Last updated on 2023-02-04 05:53:13 CET.
Flavor | Version | Tinstall | Tcheck | Ttotal | Status | Flags |
---|---|---|---|---|---|---|
r-devel-linux-x86_64-debian-clang | 0.3.5 | 9.15 | 192.19 | 201.34 | OK | |
r-devel-linux-x86_64-debian-gcc | 0.3.5 | 8.39 | 141.98 | 150.37 | OK | |
r-devel-linux-x86_64-fedora-clang | 0.3.5 | 200.85 | NOTE | |||
r-devel-linux-x86_64-fedora-gcc | 0.3.5 | 235.78 | NOTE | |||
r-devel-windows-x86_64 | 0.3.5 | 60.00 | 238.00 | 298.00 | OK | |
r-patched-linux-x86_64 | 0.3.5 | 9.35 | 176.62 | 185.97 | OK | |
r-release-linux-x86_64 | 0.3.5 | 9.06 | 175.76 | 184.82 | OK | |
r-release-macos-arm64 | 0.3.5 | 69.00 | NOTE | |||
r-release-macos-x86_64 | 0.3.5 | 94.00 | NOTE | |||
r-release-windows-x86_64 | 0.3.5 | 43.00 | 245.00 | 288.00 | OK | |
r-oldrel-macos-arm64 | 0.3.5 | 72.00 | NOTE | |||
r-oldrel-macos-x86_64 | 0.3.5 | 99.00 | NOTE | |||
r-oldrel-windows-ix86+x86_64 | 0.3.5 | 25.00 | 243.00 | 268.00 | OK |
Version: 0.3.5
Check: data for non-ASCII characters
Result: NOTE
Note: found 160 marked UTF-8 strings
Flavors: r-devel-linux-x86_64-fedora-clang, r-devel-linux-x86_64-fedora-gcc, r-release-macos-arm64, r-release-macos-x86_64, r-oldrel-macos-arm64, r-oldrel-macos-x86_64