CRAN Package Check Results for Package tourr

Last updated on 2019-08-25 05:47:01 CEST.

Flavor Version Tinstall Tcheck Ttotal Status Flags
r-devel-linux-x86_64-debian-clang 0.5.6 4.71 51.39 56.10 NOTE
r-devel-linux-x86_64-debian-gcc 0.5.6 3.58 39.01 42.59 NOTE
r-devel-linux-x86_64-fedora-clang 0.5.6 62.44 NOTE
r-devel-linux-x86_64-fedora-gcc 0.5.6 62.84 NOTE
r-devel-windows-ix86+x86_64 0.5.6 8.00 99.00 107.00 OK
r-patched-linux-x86_64 0.5.6 3.80 50.06 53.86 OK
r-patched-solaris-x86 0.5.6 87.50 OK
r-release-linux-x86_64 0.5.6 3.76 50.58 54.34 OK
r-release-windows-ix86+x86_64 0.5.6 8.00 241.00 249.00 OK
r-release-osx-x86_64 0.5.6 OK
r-oldrel-windows-ix86+x86_64 0.5.6 8.00 95.00 103.00 OK
r-oldrel-osx-x86_64 0.5.6 OK

Check Details

Version: 0.5.6
Check: for non-standard things in the check directory
Result: NOTE
    Found the following files/directories:
     'test-001.png' 'test-002.png' 'test-003.png' 'test-004.png'
     'test-005.png' 'test-006.png' 'test-007.png' 'test-008.png'
     'test-009.png' 'test-010.png' 'test-011.png' 'test-012.png'
     'test-013.png' 'test-014.png' 'test-015.png' 'test-016.png'
     'test-017.png' 'test-018.png' 'test-019.png' 'test-020.png'
     'test-021.png' 'test-022.png' 'test-023.png' 'test-024.png'
     'test-025.png' 'test-026.png' 'test-027.png' 'test-028.png'
     'test-029.png' 'test-030.png' 'test-031.png' 'test-032.png'
     'test-033.png' 'test-034.png' 'test-035.png' 'test-036.png'
     'test-037.png' 'test-038.png' 'test-039.png' 'test-040.png'
     'test-041.png' 'test-042.png' 'test-043.png' 'test-044.png'
     'test-045.png' 'test-046.png' 'test-047.png' 'test-048.png'
     'test-049.png' 'test-050.png' 'test.pdf'
Flavors: r-devel-linux-x86_64-debian-clang, r-devel-linux-x86_64-debian-gcc, r-devel-linux-x86_64-fedora-clang, r-devel-linux-x86_64-fedora-gcc