CRAN Package Check Results for Package trackr

Last updated on 2019-08-25 05:47:01 CEST.

Flavor Version Tinstall Tcheck Ttotal Status Flags
r-devel-linux-x86_64-debian-clang 0.10.5 20.22 191.00 211.22 NOTE
r-devel-linux-x86_64-debian-gcc 0.10.5 17.86 149.71 167.57 NOTE
r-devel-linux-x86_64-fedora-clang 0.10.5 261.94 NOTE
r-devel-linux-x86_64-fedora-gcc 0.10.5 208.03 NOTE
r-devel-windows-ix86+x86_64 0.10.5 42.00 185.00 227.00 OK
r-patched-linux-x86_64 0.10.5 17.96 185.51 203.47 OK
r-patched-solaris-x86 0.10.5 320.50 OK
r-release-linux-x86_64 0.10.5 18.20 185.02 203.22 OK
r-release-windows-ix86+x86_64 0.10.5 56.00 365.00 421.00 OK
r-release-osx-x86_64 0.10.5 ERROR
r-oldrel-windows-ix86+x86_64 0.10.5 33.00 265.00 298.00 OK
r-oldrel-osx-x86_64 0.10.5 OK

Check Details

Version: 0.10.5
Check: for non-standard things in the check directory
Result: NOTE
    Found the following files/directories:
     'images'
Flavors: r-devel-linux-x86_64-debian-clang, r-devel-linux-x86_64-debian-gcc, r-devel-linux-x86_64-fedora-clang, r-devel-linux-x86_64-fedora-gcc

Version: 0.10.5
Check: package dependencies
Result: ERROR
    Packages required but not available:
     'histry', 'CodeDepends', 'rsolr', 'roprov'
    
    See section ‘The DESCRIPTION file’ in the ‘Writing R Extensions’
    manual.
Flavor: r-release-osx-x86_64