CRAN Package Check Results for Package trackr

Last updated on 2020-01-17 05:47:28 CET.

Flavor Version Tinstall Tcheck Ttotal Status Flags
r-devel-linux-x86_64-debian-clang 0.10.5 23.58 212.00 235.58 NOTE
r-devel-linux-x86_64-debian-gcc 0.10.5 21.11 163.46 184.57 NOTE
r-devel-linux-x86_64-fedora-clang 0.10.5 222.82 NOTE
r-devel-linux-x86_64-fedora-gcc 0.10.5 219.04 NOTE
r-devel-windows-ix86+x86_64 0.10.5 69.00 300.00 369.00 OK
r-devel-windows-ix86+x86_64-gcc8 0.10.5 51.00 285.00 336.00 OK
r-patched-linux-x86_64 0.10.5 19.55 181.11 200.66 OK
r-patched-solaris-x86 0.10.5 342.90 OK
r-release-linux-x86_64 0.10.5 18.01 181.39 199.40 OK
r-release-windows-ix86+x86_64 0.10.5 51.00 192.00 243.00 OK
r-release-osx-x86_64 0.10.5 OK
r-oldrel-windows-ix86+x86_64 0.10.5 36.00 180.00 216.00 OK
r-oldrel-osx-x86_64 0.10.5 OK

Check Details

Version: 0.10.5
Check: for non-standard things in the check directory
Result: NOTE
    Found the following files/directories:
     'images'
Flavors: r-devel-linux-x86_64-debian-clang, r-devel-linux-x86_64-debian-gcc, r-devel-linux-x86_64-fedora-clang, r-devel-linux-x86_64-fedora-gcc