CRAN Package Check Results for Package trainR

Last updated on 2024-06-13 06:58:21 CEST.

Flavor Version Tinstall Tcheck Ttotal Status Flags
r-devel-linux-x86_64-debian-clang 0.0.1 2.87 26.25 29.12 OK
r-devel-linux-x86_64-debian-gcc 0.0.1 0.36 1.72 2.08 ERROR
r-devel-linux-x86_64-fedora-clang 0.0.1 36.87 OK
r-devel-linux-x86_64-fedora-gcc 0.0.1 35.80 OK
r-devel-windows-x86_64 0.0.1 4.00 43.00 47.00 OK
r-patched-linux-x86_64 0.0.1 2.99 24.43 27.42 OK
r-release-linux-x86_64 0.0.1 1.76 24.54 26.30 OK
r-release-macos-arm64 0.0.1 17.00 OK
r-release-macos-x86_64 0.0.1 23.00 OK
r-release-windows-x86_64 0.0.1 5.00 44.00 49.00 OK
r-oldrel-macos-arm64 0.0.1 17.00 OK
r-oldrel-macos-x86_64 0.0.1 21.00 OK
r-oldrel-windows-x86_64 0.0.1 5.00 45.00 50.00 OK

Check Details

Version: 0.0.1
Check: package dependencies
Result: ERROR Packages required but not available: 'dplyr', 'lubridate', 'purrr', 'stringr', 'tibble', 'tidyr', 'usethis' See section ‘The DESCRIPTION file’ in the ‘Writing R Extensions’ manual. Flavor: r-devel-linux-x86_64-debian-gcc