CRAN Package Check Results for Package traitstrap

Last updated on 2024-06-18 05:57:50 CEST.

Flavor Version Tinstall Tcheck Ttotal Status Flags
r-devel-linux-x86_64-debian-clang 0.1.0 14.48 276.39 290.87 NOTE
r-devel-linux-x86_64-debian-gcc 0.1.0 8.66 204.00 212.66 NOTE
r-devel-linux-x86_64-fedora-clang 0.1.0 352.47 NOTE
r-devel-linux-x86_64-fedora-gcc 0.1.0 352.12 NOTE
r-devel-windows-x86_64 0.1.0 11.00 216.00 227.00 NOTE
r-patched-linux-x86_64 0.1.0 12.36 266.22 278.58 NOTE
r-release-linux-x86_64 0.1.0 7.69 265.24 272.93 NOTE
r-release-macos-arm64 0.1.0 110.00 NOTE
r-release-macos-x86_64 0.1.0 177.00 NOTE
r-release-windows-x86_64 0.1.0 12.00 233.00 245.00 NOTE
r-oldrel-macos-arm64 0.1.0 102.00 OK
r-oldrel-macos-x86_64 0.1.0 274.00 OK
r-oldrel-windows-x86_64 0.1.0 14.00 276.00 290.00 OK

Check Details

Version: 0.1.0
Check: Rd files
Result: NOTE checkRd: (-1) trait_missing.Rd:17-18: Lost braces in \itemize; \value handles \item{}{} directly checkRd: (-1) trait_missing.Rd:19-20: Lost braces in \itemize; \value handles \item{}{} directly checkRd: (-1) trait_missing.Rd:21-22: Lost braces in \itemize; \value handles \item{}{} directly checkRd: (-1) trait_missing.Rd:23-24: Lost braces in \itemize; \value handles \item{}{} directly Flavors: r-devel-linux-x86_64-debian-clang, r-devel-linux-x86_64-debian-gcc, r-devel-linux-x86_64-fedora-clang, r-devel-linux-x86_64-fedora-gcc, r-devel-windows-x86_64, r-patched-linux-x86_64, r-release-linux-x86_64, r-release-macos-arm64, r-release-macos-x86_64, r-release-windows-x86_64