CRAN Package Check Results for Package trajectories

Last updated on 2019-07-16 05:48:36 CEST.

Flavor Version Tinstall Tcheck Ttotal Status Flags
r-devel-linux-x86_64-debian-clang 0.2-1 10.73 130.00 140.73 NOTE
r-devel-linux-x86_64-debian-gcc 0.2-1 8.75 102.21 110.96 NOTE
r-devel-linux-x86_64-fedora-clang 0.2-1 163.37 NOTE
r-devel-linux-x86_64-fedora-gcc 0.2-1 160.60 NOTE
r-devel-windows-ix86+x86_64 0.2-1 26.00 204.00 230.00 NOTE
r-patched-linux-x86_64 0.2-1 12.01 131.37 143.38 NOTE
r-patched-solaris-x86 0.2-1 240.00 NOTE
r-release-linux-x86_64 0.2-1 10.78 131.42 142.20 NOTE
r-release-windows-ix86+x86_64 0.2-1 17.00 146.00 163.00 NOTE
r-release-osx-x86_64 0.2-1 NOTE
r-oldrel-windows-ix86+x86_64 0.2-1 20.00 143.00 163.00 NOTE
r-oldrel-osx-x86_64 0.2-1 NOTE

Check Details

Version: 0.2-1
Check: package dependencies
Result: NOTE
    Package suggested but not available for checking: 'taxidata'
Flavors: r-devel-linux-x86_64-debian-clang, r-devel-linux-x86_64-debian-gcc, r-devel-linux-x86_64-fedora-clang, r-devel-linux-x86_64-fedora-gcc, r-devel-windows-ix86+x86_64, r-patched-linux-x86_64, r-patched-solaris-x86, r-release-linux-x86_64, r-release-windows-ix86+x86_64, r-release-osx-x86_64, r-oldrel-windows-ix86+x86_64, r-oldrel-osx-x86_64