CRAN Package Check Results for Package trajectories

Last updated on 2019-10-15 05:48:01 CEST.

Flavor Version Tinstall Tcheck Ttotal Status Flags
r-devel-linux-x86_64-debian-clang 0.2-1 10.59 129.55 140.14 NOTE
r-devel-linux-x86_64-debian-gcc 0.2-1 10.57 102.52 113.09 NOTE
r-devel-linux-x86_64-fedora-clang 0.2-1 172.13 NOTE
r-devel-linux-x86_64-fedora-gcc 0.2-1 171.77 NOTE
r-devel-windows-ix86+x86_64 0.2-1 19.00 221.00 240.00 NOTE
r-patched-linux-x86_64 0.2-1 10.24 130.35 140.59 NOTE
r-patched-solaris-x86 0.2-1 240.80 NOTE
r-release-linux-x86_64 0.2-1 10.60 128.91 139.51 NOTE
r-release-windows-ix86+x86_64 0.2-1 25.00 163.00 188.00 NOTE
r-release-osx-x86_64 0.2-1 NOTE
r-oldrel-windows-ix86+x86_64 0.2-1 13.00 135.00 148.00 NOTE
r-oldrel-osx-x86_64 0.2-1 NOTE

Check Details

Version: 0.2-1
Check: package dependencies
Result: NOTE
    Package suggested but not available for checking: 'taxidata'
Flavors: r-devel-linux-x86_64-debian-clang, r-devel-linux-x86_64-debian-gcc, r-devel-linux-x86_64-fedora-clang, r-devel-linux-x86_64-fedora-gcc, r-devel-windows-ix86+x86_64, r-patched-linux-x86_64, r-patched-solaris-x86, r-release-linux-x86_64, r-release-windows-ix86+x86_64, r-release-osx-x86_64, r-oldrel-windows-ix86+x86_64, r-oldrel-osx-x86_64