CRAN Package Check Results for Package transport

Last updated on 2021-06-18 05:49:05 CEST.

Flavor Version Tinstall Tcheck Ttotal Status Flags
r-devel-linux-x86_64-debian-clang 0.12-2 100.82 75.97 176.79 OK
r-devel-linux-x86_64-debian-gcc 0.12-2 60.08 56.90 116.98 OK
r-devel-linux-x86_64-fedora-clang 0.12-2 245.27 NOTE
r-devel-linux-x86_64-fedora-gcc 0.12-2 202.67 OK
r-devel-windows-x86_64 0.12-2 115.00 84.00 199.00 OK
r-devel-windows-x86_64-gcc10-UCRT 0.12-2 OK
r-patched-linux-x86_64 0.12-2 70.32 71.82 142.14 OK
r-patched-solaris-x86 0.12-2 229.00 OK
r-release-linux-x86_64 0.12-2 67.10 75.53 142.63 OK
r-release-macos-arm64 0.12-2 NOTE
r-release-macos-x86_64 0.12-2 NOTE
r-release-windows-ix86+x86_64 0.12-2 223.00 124.00 347.00 OK
r-oldrel-macos-x86_64 0.12-2 NOTE
r-oldrel-windows-ix86+x86_64 0.12-2 165.00 153.00 318.00 OK

Check Details

Version: 0.12-2
Check: installed package size
Result: NOTE
     installed size is 5.9Mb
     sub-directories of 1Mb or more:
     libs 5.4Mb
Flavors: r-devel-linux-x86_64-fedora-clang, r-release-macos-arm64, r-release-macos-x86_64, r-oldrel-macos-x86_64