CRAN Package Check Results for Package tree

Last updated on 2020-02-27 05:49:04 CET.

Flavor Version Tinstall Tcheck Ttotal Status Flags
r-devel-linux-x86_64-debian-clang 1.0-40 6.03 28.25 34.28 OK
r-devel-linux-x86_64-debian-gcc 1.0-40 4.43 22.46 26.89 OK
r-devel-linux-x86_64-fedora-clang 1.0-40 44.66 OK
r-devel-linux-x86_64-fedora-gcc 1.0-40 40.26 OK
r-devel-windows-ix86+x86_64 1.0-40 13.00 54.00 67.00 OK
r-devel-windows-ix86+x86_64-gcc8 1.0-40 14.00 50.00 64.00 OK
r-patched-linux-x86_64 1.0-40 4.75 25.62 30.37 OK
r-patched-solaris-x86 1.0-40 56.80 OK
r-release-linux-x86_64 1.0-40 4.44 25.29 29.73 OK
r-release-windows-ix86+x86_64 1.0-40 12.00 47.00 59.00 OK
r-release-osx-x86_64 1.0-40 OK
r-oldrel-windows-ix86+x86_64 1.0-39 18.00 46.00 64.00 OK
r-oldrel-osx-x86_64 1.0-40 ERROR

Check Details

Version: 1.0-40
Check: whether package can be installed
Result: ERROR
    Installation failed.
Flavor: r-oldrel-osx-x86_64