CRAN Package Check Results for Package treeDA

Last updated on 2019-08-19 05:46:37 CEST.

Flavor Version Tinstall Tcheck Ttotal Status Flags
r-devel-linux-x86_64-debian-clang 0.0.4 21.03 280.88 301.91 OK
r-devel-linux-x86_64-debian-gcc 0.0.4 18.23 209.41 227.64 OK
r-devel-linux-x86_64-fedora-clang 0.0.4 352.14 OK
r-devel-linux-x86_64-fedora-gcc 0.0.4 354.36 OK
r-devel-windows-ix86+x86_64 0.0.4 55.00 313.00 368.00 OK
r-patched-linux-x86_64 0.0.4 20.68 267.44 288.12 OK
r-patched-solaris-x86 0.0.4 595.50 OK
r-release-linux-x86_64 0.0.4 20.71 266.08 286.79 OK
r-release-windows-ix86+x86_64 0.0.4 42.00 252.00 294.00 OK
r-release-osx-x86_64 0.0.4 ERROR
r-oldrel-windows-ix86+x86_64 0.0.4 33.00 388.00 421.00 OK
r-oldrel-osx-x86_64 0.0.4 OK

Check Details

Version: 0.0.4
Check: package dependencies
Result: ERROR
    Package required but not available: ‘phyloseq’
    
    Package suggested but not available for checking: ‘adaptiveGPCA’
    
    See section ‘The DESCRIPTION file’ in the ‘Writing R Extensions’
    manual.
Flavor: r-release-osx-x86_64