Last updated on 2021-01-19 05:48:19 CET.
Flavor | Version | Tinstall | Tcheck | Ttotal | Status | Flags |
---|---|---|---|---|---|---|
r-devel-linux-x86_64-debian-clang | 1.0.0 | 155.44 | 63.45 | 218.89 | OK | |
r-devel-linux-x86_64-debian-gcc | 1.0.0 | 106.87 | 49.05 | 155.92 | OK | |
r-devel-linux-x86_64-fedora-clang | 1.0.0 | 332.60 | NOTE | |||
r-devel-linux-x86_64-fedora-gcc | 1.0.0 | 280.58 | OK | |||
r-devel-windows-ix86+x86_64 | 1.0.0 | 277.00 | 113.00 | 390.00 | OK | |
r-patched-linux-x86_64 | 1.0.0 | 124.42 | 60.69 | 185.11 | OK | |
r-patched-solaris-x86 | 1.0.0 | 255.00 | OK | |||
r-release-linux-x86_64 | 1.0.0 | 127.08 | 61.81 | 188.89 | OK | |
r-release-macos-x86_64 | 1.0.0 | NOTE | ||||
r-release-windows-ix86+x86_64 | 1.0.0 | 290.00 | 110.00 | 400.00 | OK | |
r-oldrel-macos-x86_64 | 1.0.0 | NOTE | ||||
r-oldrel-windows-ix86+x86_64 | 1.0.0 | 231.00 | 90.00 | 321.00 | OK |
Version: 1.0.0
Check: installed package size
Result: NOTE
installed size is 6.9Mb
sub-directories of 1Mb or more:
libs 6.5Mb
Flavors: r-devel-linux-x86_64-fedora-clang, r-release-macos-x86_64, r-oldrel-macos-x86_64