CRAN Package Check Results for Package treetop

Last updated on 2021-12-05 05:53:03 CET.

Flavor Version Tinstall Tcheck Ttotal Status Flags
r-devel-linux-x86_64-debian-clang 0.0.3 30.78 315.02 345.80 OK
r-devel-linux-x86_64-debian-gcc 0.0.3 27.53 240.26 267.79 OK
r-devel-linux-x86_64-fedora-clang 0.0.3 441.37 NOTE
r-devel-linux-x86_64-fedora-gcc 0.0.3 411.20 NOTE
r-devel-windows-x86_64-new-UL 0.0.3 54.00 329.00 383.00 OK
r-devel-windows-x86_64-new-TK 0.0.3 NOTE
r-devel-windows-x86_64-old 0.0.3 52.00 239.00 291.00 OK
r-patched-linux-x86_64 0.0.3 32.09 291.41 323.50 OK
r-release-linux-x86_64 0.0.3 32.40 305.96 338.36 OK
r-release-macos-arm64 0.0.3 NOTE
r-release-macos-x86_64 0.0.3 NOTE
r-release-windows-ix86+x86_64 0.0.3 83.00 339.00 422.00 OK
r-oldrel-macos-x86_64 0.0.3 NOTE
r-oldrel-windows-ix86+x86_64 0.0.3 86.00 333.00 419.00 OK

Check Details

Version: 0.0.3
Check: dependencies in R code
Result: NOTE
    Namespace in Imports field not imported from: ‘rgeos’
     All declared Imports should be used.
Flavors: r-devel-linux-x86_64-fedora-clang, r-devel-linux-x86_64-fedora-gcc, r-devel-windows-x86_64-new-TK, r-release-macos-arm64, r-release-macos-x86_64, r-oldrel-macos-x86_64