CRAN Package Check Results for Package trekfont

Last updated on 2019-11-17 05:47:26 CET.

Flavor Version Tinstall Tcheck Ttotal Status Flags
r-devel-linux-x86_64-debian-clang 0.9.3 2.21 16.72 18.93 OK
r-devel-linux-x86_64-debian-gcc 0.9.3 1.73 13.12 14.85 OK
r-devel-linux-x86_64-fedora-clang 0.9.3 22.79 OK
r-devel-linux-x86_64-fedora-gcc 0.9.3 22.17 OK
r-devel-windows-ix86+x86_64 0.9.3 7.00 27.00 34.00 OK
r-patched-linux-x86_64 0.9.3 1.80 15.66 17.46 OK
r-patched-solaris-x86 0.9.3 35.00 NOTE
r-release-linux-x86_64 0.9.3 1.72 15.83 17.55 OK
r-release-windows-ix86+x86_64 0.9.3 6.00 38.00 44.00 OK
r-release-osx-x86_64 0.9.3 OK
r-oldrel-windows-ix86+x86_64 0.9.3 3.00 26.00 29.00 OK
r-oldrel-osx-x86_64 0.9.3 OK

Check Details

Version: 0.9.3
Check: installed package size
Result: NOTE
     installed size is 5.3Mb
     sub-directories of 1Mb or more:
     fonts 5.3Mb
Flavor: r-patched-solaris-x86