CRAN Package Check Results for Package trekfont

Last updated on 2020-06-01 05:48:30 CEST.

Flavor Version Tinstall Tcheck Ttotal Status Flags
r-devel-linux-x86_64-debian-clang 0.9.3 2.33 17.41 19.74 OK
r-devel-linux-x86_64-debian-gcc 0.9.3 1.85 14.07 15.92 OK
r-devel-linux-x86_64-fedora-clang 0.9.3 32.98 OK
r-devel-linux-x86_64-fedora-gcc 0.9.3 23.10 OK
r-devel-windows-ix86+x86_64 0.9.3 11.00 37.00 48.00 OK
r-patched-linux-x86_64 0.9.3 2.15 17.41 19.56 OK
r-patched-solaris-x86 0.9.3 37.50 NOTE
r-release-linux-x86_64 0.9.3 2.35 17.25 19.60 OK
r-release-osx-x86_64 0.9.3 OK
r-release-windows-ix86+x86_64 0.9.3 6.00 39.00 45.00 OK
r-oldrel-osx-x86_64 0.9.3 OK
r-oldrel-windows-ix86+x86_64 0.9.3 6.00 38.00 44.00 OK

Check Details

Version: 0.9.3
Check: installed package size
Result: NOTE
     installed size is 5.3Mb
     sub-directories of 1Mb or more:
     fonts 5.3Mb
Flavor: r-patched-solaris-x86