CRAN Package Check Results for Package trialr

Last updated on 2020-01-17 05:47:28 CET.

Flavor Version Tinstall Tcheck Ttotal Status Flags
r-devel-linux-x86_64-debian-clang 0.1.3 721.69 425.59 1147.28 NOTE
r-devel-linux-x86_64-debian-gcc 0.1.3 732.71 314.07 1046.78 NOTE
r-devel-linux-x86_64-fedora-clang 0.1.3 1526.22 NOTE
r-devel-linux-x86_64-fedora-gcc 0.1.3 1790.92 NOTE
r-devel-windows-ix86+x86_64 0.1.3 1718.00 826.00 2544.00 NOTE
r-devel-windows-ix86+x86_64-gcc8 0.1.3 1455.00 814.00 2269.00 NOTE
r-patched-linux-x86_64 0.1.3 742.15 396.99 1139.14 NOTE
r-patched-solaris-x86 0.1.3 1407.10 NOTE
r-release-linux-x86_64 0.1.3 732.62 391.55 1124.17 NOTE
r-release-windows-ix86+x86_64 0.1.3 1495.00 675.00 2170.00 NOTE
r-release-osx-x86_64 0.1.3 NOTE
r-oldrel-windows-ix86+x86_64 0.1.3 1715.00 742.00 2457.00 NOTE
r-oldrel-osx-x86_64 0.1.3 NOTE

Check Details

Version: 0.1.3
Check: for GNU extensions in Makefiles
Result: NOTE
    GNU make is a SystemRequirements.
Flavors: r-devel-linux-x86_64-debian-clang, r-devel-linux-x86_64-debian-gcc, r-devel-linux-x86_64-fedora-clang, r-devel-linux-x86_64-fedora-gcc, r-devel-windows-ix86+x86_64, r-devel-windows-ix86+x86_64-gcc8, r-patched-linux-x86_64, r-patched-solaris-x86, r-release-linux-x86_64, r-release-windows-ix86+x86_64, r-release-osx-x86_64, r-oldrel-windows-ix86+x86_64, r-oldrel-osx-x86_64

Version: 0.1.3
Check: installed package size
Result: NOTE
     installed size is 116.4Mb
     sub-directories of 1Mb or more:
     doc 4.1Mb
     libs 111.3Mb
Flavors: r-devel-linux-x86_64-fedora-clang, r-devel-windows-ix86+x86_64, r-devel-windows-ix86+x86_64-gcc8, r-patched-solaris-x86, r-release-windows-ix86+x86_64, r-release-osx-x86_64, r-oldrel-windows-ix86+x86_64, r-oldrel-osx-x86_64

Version: 0.1.3
Check: dependencies in R code
Result: NOTE
    Namespace in Imports field not imported from: ‘tidyr’
     All declared Imports should be used.
Flavors: r-devel-linux-x86_64-fedora-clang, r-devel-linux-x86_64-fedora-gcc, r-patched-solaris-x86, r-release-osx-x86_64, r-oldrel-osx-x86_64