CRAN Package Check Results for Package trialr

Last updated on 2022-01-22 05:10:36 CET.

Flavor Version Tinstall Tcheck Ttotal Status Flags
r-devel-linux-x86_64-debian-clang 0.1.5 885.64 420.80 1306.44 NOTE
r-devel-linux-x86_64-debian-gcc 0.1.5 770.95 354.54 1125.49 NOTE
r-devel-linux-x86_64-fedora-clang 0.1.5 1845.44 NOTE
r-devel-linux-x86_64-fedora-gcc 0.1.5 2041.45 NOTE
r-devel-windows-x86_64-new-UL 0.1.5 684.00 621.00 1305.00 NOTE
r-devel-windows-x86_64-new-TK 0.1.5 NOTE
r-patched-linux-x86_64 0.1.5 690.73 494.63 1185.36 NOTE
r-release-linux-x86_64 0.1.5 687.65 499.94 1187.59 NOTE
r-release-macos-arm64 0.1.5 NOTE
r-release-macos-x86_64 0.1.5 NOTE
r-release-windows-ix86+x86_64 0.1.5 2042.00 908.00 2950.00 NOTE
r-oldrel-macos-x86_64 0.1.5 NOTE
r-oldrel-windows-ix86+x86_64 0.1.5 2056.00 919.00 2975.00 NOTE

Check Details

Version: 0.1.5
Check: LazyData
Result: NOTE
     'LazyData' is specified without a 'data' directory
Flavors: r-devel-linux-x86_64-debian-clang, r-devel-linux-x86_64-debian-gcc, r-devel-linux-x86_64-fedora-clang, r-devel-linux-x86_64-fedora-gcc, r-devel-windows-x86_64-new-UL, r-devel-windows-x86_64-new-TK, r-patched-linux-x86_64, r-release-linux-x86_64, r-release-macos-arm64, r-release-macos-x86_64, r-release-windows-ix86+x86_64

Version: 0.1.5
Check: for GNU extensions in Makefiles
Result: NOTE
    GNU make is a SystemRequirements.
Flavors: r-devel-linux-x86_64-debian-clang, r-devel-linux-x86_64-debian-gcc, r-devel-linux-x86_64-fedora-clang, r-devel-linux-x86_64-fedora-gcc, r-devel-windows-x86_64-new-UL, r-devel-windows-x86_64-new-TK, r-patched-linux-x86_64, r-release-linux-x86_64, r-release-macos-arm64, r-release-macos-x86_64, r-release-windows-ix86+x86_64, r-oldrel-macos-x86_64, r-oldrel-windows-ix86+x86_64

Version: 0.1.5
Check: installed package size
Result: NOTE
     installed size is 113.4Mb
     sub-directories of 1Mb or more:
     doc 3.8Mb
     libs 108.4Mb
Flavors: r-devel-linux-x86_64-fedora-clang, r-devel-windows-x86_64-new-UL, r-release-macos-arm64, r-release-macos-x86_64, r-release-windows-ix86+x86_64, r-oldrel-macos-x86_64, r-oldrel-windows-ix86+x86_64

Version: 0.1.5
Check: line endings in C/C++/Fortran sources/headers
Result: NOTE
    Found the following sources/headers with CR or CRLF line endings:
     src/stan_files/AugBin2T1A.hpp
     src/stan_files/BebopInPeps2.hpp
     src/stan_files/CrmEmpiricNormalPrior.hpp
     src/stan_files/CrmOneParamLogisticGammaPrior.hpp
     src/stan_files/CrmOneParamLogisticNormalPrior.hpp
     src/stan_files/CrmTwoParamLogisticNormalPrior.hpp
     src/stan_files/EffTox.hpp
     src/stan_files/NeuenschwanderTwoParamLogit.hpp
     src/stan_files/ThallHierarchicalBinary.hpp
    Some Unix compilers require LF line endings.
Flavor: r-devel-windows-x86_64-new-TK