Last updated on 2023-01-29 05:49:51 CET.
Flavor | Version | Tinstall | Tcheck | Ttotal | Status | Flags |
---|---|---|---|---|---|---|
r-devel-linux-x86_64-debian-clang | 0.1.5 | 876.94 | 482.78 | 1359.72 | NOTE | |
r-devel-linux-x86_64-debian-gcc | 0.1.5 | 849.73 | 403.89 | 1253.62 | NOTE | |
r-devel-linux-x86_64-fedora-clang | 0.1.5 | 1247.91 | NOTE | |||
r-devel-linux-x86_64-fedora-gcc | 0.1.5 | 1567.74 | NOTE | |||
r-devel-windows-x86_64 | 0.1.5 | 736.00 | 740.00 | 1476.00 | NOTE | |
r-patched-linux-x86_64 | 0.1.5 | 678.54 | 523.10 | 1201.64 | NOTE | |
r-release-linux-x86_64 | 0.1.5 | 698.98 | 487.82 | 1186.80 | NOTE | |
r-release-macos-arm64 | 0.1.5 | 488.00 | NOTE | |||
r-release-macos-x86_64 | 0.1.5 | 765.00 | NOTE | |||
r-release-windows-x86_64 | 0.1.5 | 643.00 | 664.00 | 1307.00 | NOTE | |
r-oldrel-macos-arm64 | 0.1.5 | 737.00 | NOTE | |||
r-oldrel-macos-x86_64 | 0.1.5 | 747.00 | NOTE | |||
r-oldrel-windows-ix86+x86_64 | 0.1.5 | 2109.00 | 944.00 | 3053.00 | NOTE |
Version: 0.1.5
Check: LazyData
Result: NOTE
'LazyData' is specified without a 'data' directory
Flavors: r-devel-linux-x86_64-debian-clang, r-devel-linux-x86_64-debian-gcc, r-devel-linux-x86_64-fedora-clang, r-devel-linux-x86_64-fedora-gcc, r-devel-windows-x86_64, r-patched-linux-x86_64, r-release-linux-x86_64, r-release-macos-arm64, r-release-macos-x86_64, r-release-windows-x86_64, r-oldrel-macos-arm64, r-oldrel-macos-x86_64, r-oldrel-windows-ix86+x86_64
Version: 0.1.5
Check: for GNU extensions in Makefiles
Result: NOTE
GNU make is a SystemRequirements.
Flavors: r-devel-linux-x86_64-debian-clang, r-devel-linux-x86_64-debian-gcc, r-devel-linux-x86_64-fedora-clang, r-devel-linux-x86_64-fedora-gcc, r-devel-windows-x86_64, r-patched-linux-x86_64, r-release-linux-x86_64, r-release-macos-arm64, r-release-macos-x86_64, r-release-windows-x86_64, r-oldrel-macos-arm64, r-oldrel-macos-x86_64, r-oldrel-windows-ix86+x86_64
Version: 0.1.5
Check: C++ specification
Result: NOTE
Specified C++14: please update to current default of C++17
Flavors: r-devel-linux-x86_64-debian-gcc, r-devel-linux-x86_64-fedora-clang, r-devel-linux-x86_64-fedora-gcc, r-devel-windows-x86_64
Version: 0.1.5
Check: installed package size
Result: NOTE
installed size is 14.1Mb
sub-directories of 1Mb or more:
doc 3.8Mb
libs 9.1Mb
Flavors: r-devel-linux-x86_64-fedora-clang, r-devel-windows-x86_64, r-release-macos-arm64, r-release-macos-x86_64, r-release-windows-x86_64, r-oldrel-macos-arm64, r-oldrel-macos-x86_64, r-oldrel-windows-ix86+x86_64