CRAN Package Check Results for Package tripack

Last updated on 2021-09-28 05:48:59 CEST.

Flavor Version Tinstall Tcheck Ttotal Status Flags
r-devel-linux-x86_64-debian-clang 1.3-9.1 8.20 36.26 44.46 OK
r-devel-linux-x86_64-debian-gcc 1.3-9.1 5.67 28.00 33.67 OK
r-devel-linux-x86_64-fedora-clang 1.3-9.1 61.69 NOTE
r-devel-linux-x86_64-fedora-gcc 1.3-9.1 51.18 OK
r-devel-windows-x86_64 1.3-9.1 12.00 39.00 51.00 OK
r-devel-windows-x86_64-gcc10-UCRT 1.3-9.1 OK
r-patched-linux-x86_64 1.3-9.1 6.95 35.55 42.50 OK
r-patched-solaris-x86 1.3-9.1 74.90 OK
r-release-linux-x86_64 1.3-9.1 7.10 34.81 41.91 OK
r-release-macos-arm64 1.3-9.1 OK
r-release-macos-x86_64 1.3-9.1 OK
r-release-windows-ix86+x86_64 1.3-9.1 22.00 51.00 73.00 OK
r-oldrel-macos-x86_64 1.3-9.1 OK
r-oldrel-windows-ix86+x86_64 1.3-9.1 18.00 50.00 68.00 OK

Check Details

Version: 1.3-9.1
Check: Rd cross-references
Result: NOTE
    Undeclared package ‘akima’ in Rd xrefs
Flavor: r-devel-linux-x86_64-fedora-clang