CRAN Package Check Results for Package truncSP

Last updated on 2020-05-30 05:48:20 CEST.

Flavor Version Tinstall Tcheck Ttotal Status Flags
r-devel-linux-x86_64-debian-clang 1.2.2 4.46 41.24 45.70 NOTE
r-devel-linux-x86_64-debian-gcc 1.2.2 3.62 32.18 35.80 NOTE
r-devel-linux-x86_64-fedora-clang 1.2.2 59.31 NOTE
r-devel-linux-x86_64-fedora-gcc 1.2.2 53.32 NOTE
r-devel-windows-ix86+x86_64 1.2.2 11.00 79.00 90.00 NOTE
r-patched-linux-x86_64 1.2.2 4.78 40.92 45.70 NOTE
r-patched-solaris-x86 1.2.2 92.40 NOTE
r-release-linux-x86_64 1.2.2 4.98 41.07 46.05 NOTE
r-release-osx-x86_64 1.2.2 NOTE
r-release-windows-ix86+x86_64 1.2.2 8.00 76.00 84.00 NOTE
r-oldrel-osx-x86_64 1.2.2 NOTE
r-oldrel-windows-ix86+x86_64 1.2.2 9.00 57.00 66.00 NOTE

Check Details

Version: 1.2.2
Check: DESCRIPTION meta-information
Result: NOTE
    Malformed Description field: should contain one or more complete sentences.
Flavors: r-devel-linux-x86_64-debian-clang, r-devel-linux-x86_64-debian-gcc, r-devel-linux-x86_64-fedora-clang, r-devel-linux-x86_64-fedora-gcc, r-devel-windows-ix86+x86_64, r-patched-linux-x86_64, r-patched-solaris-x86, r-release-linux-x86_64, r-release-osx-x86_64, r-release-windows-ix86+x86_64, r-oldrel-osx-x86_64, r-oldrel-windows-ix86+x86_64