CRAN Package Check Results for Package truncSP

Last updated on 2019-10-22 05:47:30 CEST.

Flavor Version Tinstall Tcheck Ttotal Status Flags
r-devel-linux-x86_64-debian-clang 1.2.2 3.75 37.46 41.21 NOTE
r-devel-linux-x86_64-debian-gcc 1.2.2 3.65 29.26 32.91 NOTE
r-devel-linux-x86_64-fedora-clang 1.2.2 51.54 NOTE
r-devel-linux-x86_64-fedora-gcc 1.2.2 49.87 NOTE
r-devel-windows-ix86+x86_64 1.2.2 7.00 68.00 75.00 NOTE
r-patched-linux-x86_64 1.2.2 4.18 37.05 41.23 NOTE
r-patched-solaris-x86 1.2.2 86.10 NOTE
r-release-linux-x86_64 1.2.2 4.19 37.44 41.63 NOTE
r-release-windows-ix86+x86_64 1.2.2 10.00 81.00 91.00 NOTE
r-release-osx-x86_64 1.2.2 NOTE
r-oldrel-windows-ix86+x86_64 1.2.2 4.00 48.00 52.00 NOTE
r-oldrel-osx-x86_64 1.2.2 NOTE

Check Details

Version: 1.2.2
Check: DESCRIPTION meta-information
Result: NOTE
    Malformed Description field: should contain one or more complete sentences.
Flavors: r-devel-linux-x86_64-debian-clang, r-devel-linux-x86_64-debian-gcc, r-devel-linux-x86_64-fedora-clang, r-devel-linux-x86_64-fedora-gcc, r-devel-windows-ix86+x86_64, r-patched-linux-x86_64, r-patched-solaris-x86, r-release-linux-x86_64, r-release-windows-ix86+x86_64, r-release-osx-x86_64, r-oldrel-windows-ix86+x86_64, r-oldrel-osx-x86_64