CRAN Package Check Results for Package tsmp

Last updated on 2021-12-08 05:58:55 CET.

Flavor Version Tinstall Tcheck Ttotal Status Flags
r-devel-linux-x86_64-debian-clang 0.4.14 54.18 119.19 173.37 NOTE
r-devel-linux-x86_64-debian-gcc 0.4.14 40.97 88.70 129.67 NOTE
r-devel-linux-x86_64-fedora-clang 0.4.14 243.48 NOTE
r-devel-linux-x86_64-fedora-gcc 0.4.14 202.64 NOTE
r-devel-windows-x86_64-new-UL 0.4.14 86.00 181.00 267.00 NOTE
r-devel-windows-x86_64-new-TK 0.4.14 NOTE
r-devel-windows-x86_64-old 0.4.14 71.00 111.00 182.00 NOTE
r-patched-linux-x86_64 0.4.14 50.52 115.15 165.67 NOTE
r-release-linux-x86_64 0.4.14 48.05 116.15 164.20 NOTE
r-release-macos-arm64 0.4.14 NOTE
r-release-macos-x86_64 0.4.14 NOTE
r-release-windows-ix86+x86_64 0.4.14 83.00 184.00 267.00 NOTE
r-oldrel-macos-x86_64 0.4.14 NOTE
r-oldrel-windows-ix86+x86_64 0.4.14 116.00 210.00 326.00 NOTE

Additional issues

clang-UBSAN

Check Details

Version: 0.4.14
Check: for GNU extensions in Makefiles
Result: NOTE
    GNU make is a SystemRequirements.
Flavors: r-devel-linux-x86_64-debian-clang, r-devel-linux-x86_64-debian-gcc, r-devel-linux-x86_64-fedora-clang, r-devel-linux-x86_64-fedora-gcc, r-devel-windows-x86_64-new-UL, r-devel-windows-x86_64-new-TK, r-devel-windows-x86_64-old, r-patched-linux-x86_64, r-release-linux-x86_64, r-release-macos-arm64, r-release-macos-x86_64, r-release-windows-ix86+x86_64, r-oldrel-macos-x86_64, r-oldrel-windows-ix86+x86_64

Version: 0.4.14
Check: installed package size
Result: NOTE
     installed size is 8.2Mb
     sub-directories of 1Mb or more:
     data 4.6Mb
     libs 2.2Mb
Flavors: r-devel-linux-x86_64-fedora-clang, r-devel-windows-x86_64-new-UL, r-devel-windows-x86_64-old, r-release-macos-arm64, r-release-macos-x86_64, r-release-windows-ix86+x86_64, r-oldrel-macos-x86_64, r-oldrel-windows-ix86+x86_64