CRAN Package Check Results for Package tsmp

Last updated on 2022-11-27 05:51:46 CET.

Flavor Version Tinstall Tcheck Ttotal Status Flags
r-devel-linux-x86_64-debian-clang 0.4.15 56.43 124.02 180.45 NOTE
r-devel-linux-x86_64-debian-gcc 0.4.15 42.74 93.83 136.57 NOTE
r-devel-linux-x86_64-fedora-clang 0.4.15 246.44 NOTE
r-devel-linux-x86_64-fedora-gcc 0.4.15 231.91 NOTE
r-devel-windows-x86_64 0.4.15 103.00 187.00 290.00 NOTE
r-patched-linux-x86_64 0.4.15 50.90 115.21 166.11 NOTE
r-release-linux-x86_64 0.4.15 45.52 114.35 159.87 NOTE
r-release-macos-arm64 0.4.15 63.00 NOTE
r-release-macos-x86_64 0.4.15 81.00 NOTE
r-release-windows-x86_64 0.4.15 106.00 178.00 284.00 NOTE
r-oldrel-macos-arm64 0.4.15 59.00 NOTE
r-oldrel-macos-x86_64 0.4.15 82.00 NOTE
r-oldrel-windows-ix86+x86_64 0.4.15 123.00 194.00 317.00 NOTE

Check Details

Version: 0.4.15
Check: for GNU extensions in Makefiles
Result: NOTE
    GNU make is a SystemRequirements.
Flavors: r-devel-linux-x86_64-debian-clang, r-devel-linux-x86_64-debian-gcc, r-devel-linux-x86_64-fedora-clang, r-devel-linux-x86_64-fedora-gcc, r-devel-windows-x86_64, r-patched-linux-x86_64, r-release-linux-x86_64, r-release-macos-arm64, r-release-macos-x86_64, r-release-windows-x86_64, r-oldrel-macos-arm64, r-oldrel-macos-x86_64, r-oldrel-windows-ix86+x86_64

Version: 0.4.15
Check: installed package size
Result: NOTE
     installed size is 6.4Mb
     sub-directories of 1Mb or more:
     data 4.6Mb
Flavors: r-devel-linux-x86_64-fedora-clang, r-devel-windows-x86_64, r-release-macos-arm64, r-release-macos-x86_64, r-release-windows-x86_64, r-oldrel-macos-arm64, r-oldrel-macos-x86_64, r-oldrel-windows-ix86+x86_64