Last updated on 2023-12-11 05:52:11 CET.
Flavor | Version | Tinstall | Tcheck | Ttotal | Status | Flags |
---|---|---|---|---|---|---|
r-devel-linux-x86_64-debian-clang | 0.4.15 | 56.67 | 130.56 | 187.23 | NOTE | |
r-devel-linux-x86_64-debian-gcc | 0.4.15 | 41.29 | 96.48 | 137.77 | NOTE | |
r-devel-linux-x86_64-fedora-clang | 0.4.15 | 248.76 | NOTE | |||
r-devel-linux-x86_64-fedora-gcc | 0.4.15 | 262.53 | NOTE | |||
r-devel-windows-x86_64 | 0.4.15 | 48.00 | 146.00 | 194.00 | NOTE | |
r-patched-linux-x86_64 | 0.4.15 | 52.11 | 128.94 | 181.05 | NOTE | |
r-release-linux-x86_64 | 0.4.15 | 39.88 | 124.45 | 164.33 | NOTE | |
r-release-macos-arm64 | 0.4.15 | 71.00 | NOTE | |||
r-release-macos-x86_64 | 0.4.15 | 114.00 | NOTE | |||
r-release-windows-x86_64 | 0.4.15 | 58.00 | 170.00 | 228.00 | NOTE | |
r-oldrel-macos-arm64 | 0.4.15 | 63.00 | NOTE | |||
r-oldrel-macos-x86_64 | 0.4.15 | 81.00 | NOTE | |||
r-oldrel-windows-x86_64 | 0.4.15 | 55.00 | 148.00 | 203.00 | NOTE |
Version: 0.4.15
Check: C++ specification
Result: NOTE
Specified C++11: please drop specification unless essential
Flavors: r-devel-linux-x86_64-debian-clang, r-devel-linux-x86_64-debian-gcc, r-devel-linux-x86_64-fedora-clang, r-devel-linux-x86_64-fedora-gcc, r-devel-windows-x86_64, r-patched-linux-x86_64, r-release-linux-x86_64, r-release-macos-arm64, r-release-macos-x86_64, r-release-windows-x86_64
Version: 0.4.15
Check: for GNU extensions in Makefiles
Result: NOTE
GNU make is a SystemRequirements.
Flavors: r-devel-linux-x86_64-debian-clang, r-devel-linux-x86_64-debian-gcc, r-devel-linux-x86_64-fedora-clang, r-devel-linux-x86_64-fedora-gcc, r-devel-windows-x86_64, r-patched-linux-x86_64, r-release-linux-x86_64, r-release-macos-arm64, r-release-macos-x86_64, r-release-windows-x86_64, r-oldrel-macos-arm64, r-oldrel-macos-x86_64, r-oldrel-windows-x86_64
Version: 0.4.15
Check: installed package size
Result: NOTE
installed size is 6.3Mb
sub-directories of 1Mb or more:
data 4.6Mb
Flavors: r-devel-linux-x86_64-fedora-clang, r-devel-windows-x86_64, r-release-macos-arm64, r-release-macos-x86_64, r-release-windows-x86_64, r-oldrel-macos-arm64, r-oldrel-macos-x86_64, r-oldrel-windows-x86_64