CRAN Package Check Results for Package tsutils

Last updated on 2021-07-23 05:52:10 CEST.

Flavor Version Tinstall Tcheck Ttotal Status Flags
r-devel-linux-x86_64-debian-clang 0.9.2 15.30 124.52 139.82 OK
r-devel-linux-x86_64-debian-gcc 0.9.2 13.40 92.29 105.69 OK
r-devel-linux-x86_64-fedora-clang 0.9.2 172.43 NOTE
r-devel-linux-x86_64-fedora-gcc 0.9.2 160.74 OK
r-devel-windows-x86_64 0.9.2 16.00 107.00 123.00 OK
r-devel-windows-x86_64-gcc10-UCRT 0.9.2 OK
r-patched-linux-x86_64 0.9.2 13.64 113.98 127.62 OK
r-patched-solaris-x86 0.9.2 223.50 OK
r-release-linux-x86_64 0.9.2 12.72 116.78 129.50 OK
r-release-macos-arm64 0.9.2 OK
r-release-macos-x86_64 0.9.2 OK
r-release-windows-ix86+x86_64 0.9.2 34.00 130.00 164.00 OK
r-oldrel-macos-x86_64 0.9.2 OK
r-oldrel-windows-ix86+x86_64 0.9.2 37.00 142.00 179.00 OK

Check Details

Version: 0.9.2
Check: Rd cross-references
Result: NOTE
    Undeclared package ‘glmnet’ in Rd xrefs
Flavor: r-devel-linux-x86_64-fedora-clang