CRAN Package Check Results for Package tswge

Last updated on 2021-09-21 05:51:41 CEST.

Flavor Version Tinstall Tcheck Ttotal Status Flags
r-devel-linux-x86_64-debian-clang 1.0.0 10.23 104.26 114.49 OK
r-devel-linux-x86_64-debian-gcc 1.0.0 6.75 79.34 86.09 OK
r-devel-linux-x86_64-fedora-clang 1.0.0 143.06 OK
r-devel-linux-x86_64-fedora-gcc 1.0.0 134.01 OK
r-devel-windows-x86_64 1.0.0 12.00 114.00 126.00 OK
r-devel-windows-x86_64-gcc10-UCRT 1.0.0 ERROR
r-patched-linux-x86_64 1.0.0 9.37 100.83 110.20 OK
r-patched-solaris-x86 1.0.0 199.80 OK
r-release-linux-x86_64 1.0.0 8.24 100.51 108.75 OK
r-release-macos-arm64 1.0.0 OK
r-release-macos-x86_64 1.0.0 OK
r-release-windows-ix86+x86_64 1.0.0 17.00 116.00 133.00 OK
r-oldrel-macos-x86_64 1.0.0 OK
r-oldrel-windows-ix86+x86_64 1.0.0 17.00 109.00 126.00 OK

Check Details

Version: 1.0.0
Check: whether package can be installed
Result: WARN
    Found the following significant warnings:
     WARNING: installation-time patches will not be applied, could not get the patches index
Flavor: r-devel-windows-x86_64-gcc10-UCRT

Version: 1.0.0
Check: PDF version of manual
Result: WARN
    LaTeX errors when creating PDF version.
    This typically indicates Rd problems.
Flavor: r-devel-windows-x86_64-gcc10-UCRT

Version: 1.0.0
Check: PDF version of manual without hyperrefs or index
Result: ERROR
    Re-running with no redirection of stdout/stderr.
Flavor: r-devel-windows-x86_64-gcc10-UCRT