CRAN Package Check Results for Package ttwa

Last updated on 2021-06-13 05:51:22 CEST.

Flavor Version Tinstall Tcheck Ttotal Status Flags
r-devel-linux-x86_64-debian-clang 0.8.5.1 2.36 33.41 35.77 NOTE
r-devel-linux-x86_64-debian-gcc 0.8.5.1 1.84 30.01 31.85 NOTE
r-devel-linux-x86_64-fedora-clang 0.8.5.1 50.91 NOTE
r-devel-linux-x86_64-fedora-gcc 0.8.5.1 39.54 NOTE
r-devel-windows-x86_64 0.8.5.1 4.00 56.00 60.00 NOTE
r-devel-windows-x86_64-gcc10-UCRT 0.8.5.1 NOTE
r-patched-linux-x86_64 0.8.5.1 2.27 34.88 37.15 NOTE
r-patched-solaris-x86 0.8.5.1 56.70 NOTE
r-release-linux-x86_64 0.8.5.1 1.75 35.45 37.20 NOTE
r-release-macos-arm64 0.8.5.1 NOTE
r-release-macos-x86_64 0.8.5.1 NOTE
r-release-windows-ix86+x86_64 0.8.5.1 5.00 47.00 52.00 NOTE
r-oldrel-macos-x86_64 0.8.5.1 NOTE
r-oldrel-windows-ix86+x86_64 0.8.5.1 4.00 46.00 50.00 NOTE

Check Details

Version: 0.8.5.1
Check: DESCRIPTION meta-information
Result: NOTE
    Malformed Title field: should not end in a period.
Flavors: r-devel-linux-x86_64-debian-clang, r-devel-linux-x86_64-debian-gcc, r-devel-linux-x86_64-fedora-clang, r-devel-linux-x86_64-fedora-gcc, r-devel-windows-x86_64, r-devel-windows-x86_64-gcc10-UCRT, r-patched-linux-x86_64, r-patched-solaris-x86, r-release-linux-x86_64, r-release-macos-arm64, r-release-macos-x86_64, r-release-windows-ix86+x86_64, r-oldrel-macos-x86_64, r-oldrel-windows-ix86+x86_64

Version: 0.8.5.1
Check: R code for possible problems
Result: NOTE
    ttwa: no visible global function definition for 'aggregate'
    ttwa: no visible global function definition for 'txtProgressBar'
    ttwa: no visible global function definition for 'setTxtProgressBar'
    Undefined global functions or variables:
     aggregate setTxtProgressBar txtProgressBar
    Consider adding
     importFrom("stats", "aggregate")
     importFrom("utils", "setTxtProgressBar", "txtProgressBar")
    to your NAMESPACE file.
Flavors: r-devel-linux-x86_64-debian-clang, r-devel-linux-x86_64-debian-gcc, r-devel-linux-x86_64-fedora-clang, r-devel-linux-x86_64-fedora-gcc, r-devel-windows-x86_64, r-devel-windows-x86_64-gcc10-UCRT, r-patched-linux-x86_64, r-patched-solaris-x86, r-release-linux-x86_64, r-release-macos-arm64, r-release-macos-x86_64, r-release-windows-ix86+x86_64, r-oldrel-macos-x86_64, r-oldrel-windows-ix86+x86_64